{"id":999,"date":"2022-10-14T23:04:09","date_gmt":"2022-10-14T21:04:09","guid":{"rendered":"https:\/\/cocinaenlinea.es\/?post_type=product&#038;p=999"},"modified":"2025-03-13T23:22:24","modified_gmt":"2025-03-13T22:22:24","slug":"picadora-electrica-2-lts-250w","status":"publish","type":"product","link":"https:\/\/cocinaenlinea.es\/?product=picadora-electrica-2-lts-250w","title":{"rendered":"Picadora El\u00e9ctrica 2 vasos acero + cristal 2 Lts SWISS LINE"},"content":{"rendered":"<p>La picadora el\u00e9ctrica Haxwar 2 en 1est\u00e1 dise\u00f1ada para ser pr\u00e1ctica y eficiente en la cocina, permitiendo picar y procesar alimentos con facilidad. A continuaci\u00f3n, te comparto una descripci\u00f3n detallada de sus caracter\u00edsticas principales:<\/p>\n<p>1. Dise\u00f1o de 2 en 1: Esta picadora ofrece una funcionalidad vers\u00e1til gracias a sus dos vasos intercambiables, uno de cristal y otro de acero inoxidable, lo que permite usar el vaso m\u00e1s adecuado para cada tipo de alimento.<\/p>\n<p>2. Materiales duraderos:<\/p>\n<p>&#8211; Vaso de cristal: Perfecto para observar el proceso de picado y adecuado para procesar alimentos fr\u00edos o delicados.<\/p>\n<p>&#8211; Vaso de acero inoxidable: Ofrece alta resistencia y es ideal para trabajar con alimentos m\u00e1s duros o calientes, adem\u00e1s de ser resistente a los olores.<\/p>\n<p>&nbsp;<\/p>\n<p>3. Capacidad: Generalmente, este tipo de picadora viene con una capacidad de 2 litros, ideal para picar desde peque\u00f1as cantidades hasta porciones para toda la familia.<\/p>\n<p>4. Motor potente: Suele contar con un motor de entre 300 y 500W, que permite picar ingredientes variados, desde vegetales hasta carnes, en pocos segundos.<\/p>\n<p>5. Cuchillas de acero inoxidable: Con un sistema de 2 o 4 cuchillas, este tipo de picadora est\u00e1 preparada para cortar de manera uniforme y r\u00e1pida, y su material permite que se mantengan afiladas por m\u00e1s tiempo.<\/p>\n<p>6. F\u00e1cil de limpiar: Tanto el vaso de cristal como el de acero inoxidable y las cuchillas son generalmente desmontables, lo que facilita su limpieza y permite un uso seguro e higi\u00e9nico.<\/p>\n<p>7. Funcionamiento con bot\u00f3n de pulso: Algunos modelos Haxwar ofrecen controles simples, activ\u00e1ndose con solo presionar el bot\u00f3n superior, lo que permite un control preciso del proceso de picado<\/p>\n<p>Esta picadora es ideal para quienes buscan un electrodom\u00e9stico vers\u00e1til y duradero para sus tareas diarias de cocina, proporcionando resultados r\u00e1pidos y eficientes.<\/p>\n<p><img fetchpriority=\"high\" decoding=\"async\" class=\"alignnone wp-image-9968 aligncenter\" src=\"http:\/\/altacalidadweb.com\/wp-content\/uploads\/2022\/05\/garnatia--300x168.jpg\" alt=\"\" width=\"398\" height=\"223\" \/><\/p>\n","protected":false},"excerpt":{"rendered":"<p><span class=\"x3nfvp2 x1j61x8r x1fcty0u xdj266r xhhsvwb xat24cr xgzva0m xxymvpz x10w6t97 x1td3qas\"><img decoding=\"async\" src=\"https:\/\/static.xx.fbcdn.net\/images\/emoji.php\/v9\/tba\/1\/32\/2b50.png\" alt=\"\u2b50\" width=\"32\" height=\"32\" \/><\/span><span class=\"x3nfvp2 x1j61x8r x1fcty0u xdj266r xhhsvwb xat24cr xgzva0m xxymvpz x10w6t97 x1td3qas\"><img decoding=\"async\" src=\"https:\/\/static.xx.fbcdn.net\/images\/emoji.php\/v9\/tba\/1\/32\/2b50.png\" alt=\"\u2b50\" width=\"32\" height=\"32\" \/><\/span><span class=\"x3nfvp2 x1j61x8r x1fcty0u xdj266r xhhsvwb xat24cr xgzva0m xxymvpz x10w6t97 x1td3qas\"><img decoding=\"async\" src=\"https:\/\/static.xx.fbcdn.net\/images\/emoji.php\/v9\/tba\/1\/32\/2b50.png\" alt=\"\u2b50\" width=\"32\" height=\"32\" \/><\/span><span class=\"x3nfvp2 x1j61x8r x1fcty0u xdj266r xhhsvwb xat24cr xgzva0m xxymvpz x10w6t97 x1td3qas\"><img decoding=\"async\" src=\"https:\/\/static.xx.fbcdn.net\/images\/emoji.php\/v9\/tba\/1\/32\/2b50.png\" alt=\"\u2b50\" width=\"32\" height=\"32\" \/><\/span><span class=\"x3nfvp2 x1j61x8r x1fcty0u xdj266r xhhsvwb xat24cr xgzva0m xxymvpz x10w6t97 x1td3qas\"><img decoding=\"async\" src=\"https:\/\/static.xx.fbcdn.net\/images\/emoji.php\/v9\/tba\/1\/32\/2b50.png\" alt=\"\u2b50\" width=\"32\" height=\"32\" \/><\/span><\/p>\n","protected":false},"featured_media":4441,"template":"","meta":{"_kadence_starter_templates_imported_post":false},"product_brand":[],"product_cat":[87],"product_tag":[],"class_list":{"0":"post-999","1":"product","2":"type-product","3":"status-publish","4":"has-post-thumbnail","6":"product_cat-pequenos-electrodomesticos","8":"first","9":"outofstock","10":"sale","11":"shipping-taxable","12":"purchasable","13":"product-type-simple"},"_links":{"self":[{"href":"https:\/\/cocinaenlinea.es\/index.php?rest_route=\/wp\/v2\/product\/999","targetHints":{"allow":["GET"]}}],"collection":[{"href":"https:\/\/cocinaenlinea.es\/index.php?rest_route=\/wp\/v2\/product"}],"about":[{"href":"https:\/\/cocinaenlinea.es\/index.php?rest_route=\/wp\/v2\/types\/product"}],"wp:featuredmedia":[{"embeddable":true,"href":"https:\/\/cocinaenlinea.es\/index.php?rest_route=\/wp\/v2\/media\/4441"}],"wp:attachment":[{"href":"https:\/\/cocinaenlinea.es\/index.php?rest_route=%2Fwp%2Fv2%2Fmedia&parent=999"}],"wp:term":[{"taxonomy":"product_brand","embeddable":true,"href":"https:\/\/cocinaenlinea.es\/index.php?rest_route=%2Fwp%2Fv2%2Fproduct_brand&post=999"},{"taxonomy":"product_cat","embeddable":true,"href":"https:\/\/cocinaenlinea.es\/index.php?rest_route=%2Fwp%2Fv2%2Fproduct_cat&post=999"},{"taxonomy":"product_tag","embeddable":true,"href":"https:\/\/cocinaenlinea.es\/index.php?rest_route=%2Fwp%2Fv2%2Fproduct_tag&post=999"}],"curies":[{"name":"wp","href":"https:\/\/api.w.org\/{rel}","templated":true}]}}