{"id":859,"date":"2022-10-14T01:14:53","date_gmt":"2022-10-13T23:14:53","guid":{"rendered":"https:\/\/cocinaenlinea.es\/?post_type=product&#038;p=859"},"modified":"2024-12-26T19:28:41","modified_gmt":"2024-12-26T18:28:41","slug":"maletin-de-herramientas-universal-396-piezas","status":"publish","type":"product","link":"https:\/\/cocinaenlinea.es\/?product=maletin-de-herramientas-universal-396-piezas","title":{"rendered":"Malet\u00edn de herramientas universal 396 piezas"},"content":{"rendered":"<p>\u2705Malet\u00edn de herramientas universal para principiantes y como equipamiento inicial. Consta de 396 piezas individuales, ideal para: aficionados al bricolaje, construcci\u00f3n de muebles, reparaci\u00f3n de casas y reformas, electr\u00f3nica, ba\u00f1o y aseo, calefacci\u00f3n, reparar coches o motocicletas.<br \/>\n\u2705Herramientas organizadas en cuatro niveles extra\u00edbles para mayor visibilidad y orden.<br \/>\n\u2705La lista completa de las piezas incluidas la encontrar\u00e1 a continuaci\u00f3n en la descripci\u00f3n del producto.<br \/>\n\u2705El malet\u00edn es perfecto para transportar a cualquier lugar y llevar en el maletero del coche: Nuestro portaherramientas es liviano y de aluminio. Tiene un mango telesc\u00f3pico extra\u00edble para tirar, as\u00ed como ruedas para facilitar su transporte.<br \/>\n\u2705Dimensiones: Largo: 51,0 cm | Ancho: 36,5 cm | Altura: 20,5 cm &#8211; Peso: aprox. 12,5 kg<\/p>\n<p>Descripci\u00f3n<\/p>\n<p>9 x Llave de combinaci\u00f3n (10 | 11 | 12 | 13 | 15 mm y 3\/8&#8243; | 7\/16&#8243; | 1\/2&#8243; | 9\/16&#8243; | 5\/8&#8243;)<br \/>\n1x Alicates de punta<br \/>\n1x Alicates de boca graduable<br \/>\n1x Llave inglesa<br \/>\n1x Alicates<br \/>\n1x Cortaalambres<\/p>\n<p>11x Destornillador magn\u00e9tico de cromo vanadio (Ranura: 6&#215;100, 5&#215;75, 3&#215;75, 4&#215;100, 6x38mm | Cruz: PH3x150, PH2x100, PH1x75, PH0x75, PH2x38mm)<br \/>\n3x Destornillador aislado hasta 1000V (B0.8x4x100, B1.0x5.5&#215;125, PH0x100)<br \/>\n1x Destornillador de carraca, v\u00e1lido para Bit-Set<br \/>\n6 x Destornillador de precisi\u00f3n (Ranura: 1,0 | 1,2 | 1,8 | 2,4mm | Cruz: 3,0 | 3,5mm)<br \/>\n48 x Bit<br \/>\n&#8211; Ranura: 2, 3, 4, 5, 6, 7<br \/>\n&#8211; Cruz: PH0 hasta PH4, PZ0 hasta PZ4<br \/>\n&#8211; Cuadrado: S0 = 1\/15&#8243;, S1 = 1\/12&#8243;, S2 = 2\/19&#8243;, S3 = \/16&#8243;<br \/>\n&#8211; Hex\u00e1gono interior: 3, 4, 5, 6, 7, 8mm<br \/>\n&#8211; Hueco hexagonal: T10, T15, T20, T25, T27, T30, T35, T40<br \/>\n&#8211; 1 x adaptador para llave de vaso en combinaci\u00f3n con un destornillador inal\u00e1mbrico (AD)<br \/>\n. 16x Llave Allen (1,5 | 2,0 | 2,5 | 3,0| 4,0 | 5,0 | 5,5 | 6mm)<br \/>\n1x Portapuntas magn\u00e9tico para destornillador inal\u00e1mbrico<br \/>\n1x Man\u00f3metro de neum\u00e1ticos<br \/>\n1x Comprobador de fase (100-500V)<\/p>\n<p>15x Llave de vaso 1\/4 (4-14mm)<br \/>\n14x Llave de vaso 1\/2 (8-30mm)<br \/>\n1x 1\/2 Junta universal<br \/>\n1x Extensi\u00f3n flexible<br \/>\n1x Llave-T 1\/4<br \/>\n2x 1\/4 Extensi\u00f3n<br \/>\n2x 1\/2 Extensi\u00f3n<br \/>\n1x Destornillador con cuadradillo de 1\/4<br \/>\n1x LLave-T 1\/2<br \/>\n2x Llave de buj\u00eda 1\/2 con 16 y 21 mm<br \/>\n1x Carraca reversible 1\/2<br \/>\n1x Carraca reversible 1\/4<br \/>\n1x 1\/4 Junta universal<\/p>\n<h3><em><strong>\u2705- Garant\u00eda 3 a\u00f1os<\/strong><\/em><\/h3>\n<h3><em><strong>\ud83d\ude9a- Envio gratis y en 24h lo tiene en casa<\/strong><\/em><\/h3>\n<h3><em><strong>\ud83d\udce6- Pagos Contrareembolso<\/strong><\/em><\/h3>\n","protected":false},"excerpt":{"rendered":"<div class=\"x78zum5\" role=\"none\">\n<div class=\"x78zum5 x1iyjqo2 xs83m0k xeuugli x15zctf7\" role=\"none\" data-testid=\"message-container\">\n<div class=\"xkh2ocl x78zum5 xdt5ytf x1h91t0o x13a6bvl x1r145dm\" role=\"none\">\n<div class=\"x78zum5 xh8yej3\" role=\"none\">\n<div class=\"x78zum5 xdt5ytf x193iq5w x1n2onr6 xuk3077\">\n<div class=\"xkh2ocl x78zum5 xdt5ytf x1h91t0o x13a6bvl x193iq5w x1c4vz4f xcrg951\" role=\"none\">\n<div class=\"x1n2onr6 x1vjfegm\">\n<div class=\"xdj266r x11i5rnm xat24cr x1mh8g0r x1vvkbs\"><span class=\"x3nfvp2 x1j61x8r x1fcty0u xdj266r xhhsvwb xat24cr xgzva0m xxymvpz x10w6t97 x1td3qas\"><img decoding=\"async\" src=\"https:\/\/static.xx.fbcdn.net\/images\/emoji.php\/v9\/tba\/1\/32\/2b50.png\" alt=\"\u2b50\" width=\"32\" height=\"32\" \/><\/span><span class=\"x3nfvp2 x1j61x8r x1fcty0u xdj266r xhhsvwb xat24cr xgzva0m xxymvpz x10w6t97 x1td3qas\"><img decoding=\"async\" src=\"https:\/\/static.xx.fbcdn.net\/images\/emoji.php\/v9\/tba\/1\/32\/2b50.png\" alt=\"\u2b50\" width=\"32\" height=\"32\" \/><\/span><span class=\"x3nfvp2 x1j61x8r x1fcty0u xdj266r xhhsvwb xat24cr xgzva0m xxymvpz x10w6t97 x1td3qas\"><img decoding=\"async\" src=\"https:\/\/static.xx.fbcdn.net\/images\/emoji.php\/v9\/tba\/1\/32\/2b50.png\" alt=\"\u2b50\" width=\"32\" height=\"32\" \/><\/span><span class=\"x3nfvp2 x1j61x8r x1fcty0u xdj266r xhhsvwb xat24cr xgzva0m xxymvpz x10w6t97 x1td3qas\"><img decoding=\"async\" src=\"https:\/\/static.xx.fbcdn.net\/images\/emoji.php\/v9\/tba\/1\/32\/2b50.png\" alt=\"\u2b50\" width=\"32\" height=\"32\" \/><\/span><span class=\"x3nfvp2 x1j61x8r x1fcty0u xdj266r xhhsvwb xat24cr xgzva0m xxymvpz x10w6t97 x1td3qas\"><img decoding=\"async\" src=\"https:\/\/static.xx.fbcdn.net\/images\/emoji.php\/v9\/tba\/1\/32\/2b50.png\" alt=\"\u2b50\" width=\"32\" height=\"32\" \/><\/span><\/div>\n<\/div>\n<\/div>\n<\/div>\n<\/div>\n<\/div>\n<\/div>\n<\/div>\n","protected":false},"featured_media":860,"template":"","meta":{"_kadence_starter_templates_imported_post":false},"product_brand":[],"product_cat":[18],"product_tag":[],"class_list":{"0":"post-859","1":"product","2":"type-product","3":"status-publish","4":"has-post-thumbnail","6":"product_cat-herramienta","8":"first","9":"instock","10":"sale","11":"shipping-taxable","12":"purchasable","13":"product-type-simple"},"_links":{"self":[{"href":"https:\/\/cocinaenlinea.es\/index.php?rest_route=\/wp\/v2\/product\/859","targetHints":{"allow":["GET"]}}],"collection":[{"href":"https:\/\/cocinaenlinea.es\/index.php?rest_route=\/wp\/v2\/product"}],"about":[{"href":"https:\/\/cocinaenlinea.es\/index.php?rest_route=\/wp\/v2\/types\/product"}],"wp:featuredmedia":[{"embeddable":true,"href":"https:\/\/cocinaenlinea.es\/index.php?rest_route=\/wp\/v2\/media\/860"}],"wp:attachment":[{"href":"https:\/\/cocinaenlinea.es\/index.php?rest_route=%2Fwp%2Fv2%2Fmedia&parent=859"}],"wp:term":[{"taxonomy":"product_brand","embeddable":true,"href":"https:\/\/cocinaenlinea.es\/index.php?rest_route=%2Fwp%2Fv2%2Fproduct_brand&post=859"},{"taxonomy":"product_cat","embeddable":true,"href":"https:\/\/cocinaenlinea.es\/index.php?rest_route=%2Fwp%2Fv2%2Fproduct_cat&post=859"},{"taxonomy":"product_tag","embeddable":true,"href":"https:\/\/cocinaenlinea.es\/index.php?rest_route=%2Fwp%2Fv2%2Fproduct_tag&post=859"}],"curies":[{"name":"wp","href":"https:\/\/api.w.org\/{rel}","templated":true}]}}