{"id":399,"date":"2017-12-20T14:16:19","date_gmt":"2017-12-20T14:16:19","guid":{"rendered":"https:\/\/wordpress.gradientthemes.com\/brand-shop\/product\/dark-blue-denim-jeans\/"},"modified":"2025-03-13T23:54:44","modified_gmt":"2025-03-13T22:54:44","slug":"dark-blue-denim-jeans","status":"publish","type":"product","link":"https:\/\/cocinaenlinea.es\/?product=dark-blue-denim-jeans","title":{"rendered":"juego edredon de borreguito y terciopelo 5 piezas"},"content":{"rendered":"<h3 dir=\"auto\"><em><strong>Juego edred\u00f3n de burrego \ud83d\udcaf con 5 piezas de lujo + material doble\u00a0<\/strong><\/em><\/h3>\n<h3 dir=\"auto\"><em><strong><span class=\"pq6dq46d tbxw36s4 knj5qynh kvgmc6g5 ditlmg2l oygrvhab nvdbi5me sf5mxxl7 gl3lb2sf hhz5lgdu\">\u2705\u00a0<\/span>Edred\u00f3n de burrego 240\u00d7220<\/strong><\/em><\/h3>\n<h3 dir=\"auto\"><em><strong><span class=\"pq6dq46d tbxw36s4 knj5qynh kvgmc6g5 ditlmg2l oygrvhab nvdbi5me sf5mxxl7 gl3lb2sf hhz5lgdu\">\u2705\u00a0<\/span>2Dos fundas de almohadas 50x75CM<\/strong><\/em><\/h3>\n<h3 dir=\"auto\"><em><strong><span class=\"pq6dq46d tbxw36s4 knj5qynh kvgmc6g5 ditlmg2l oygrvhab nvdbi5me sf5mxxl7 gl3lb2sf hhz5lgdu\">\u2705\u00a0<\/span>2Dos fundas de cojine 50x50CM<\/strong><\/em><\/h3>\n<h3 dir=\"auto\"><em><strong>\u2764\ufe0f \u2013 por la parte de arriba tercio pelo\u00a0<\/strong><\/em><\/h3>\n<h3 dir=\"auto\"><em><strong>\u2764\ufe0f \u2013 por la parte de abajo de burrego\u00a0<\/strong><\/em><\/h3>\n<h3 dir=\"auto\"><em><strong>\u2764\ufe0f \u2013 con envi\u00f3 gratis s\u00faper r\u00e1pido 24H<\/strong><\/em><\/h3>\n<h3 dir=\"auto\"><em><strong><span class=\"pq6dq46d tbxw36s4 knj5qynh kvgmc6g5 ditlmg2l oygrvhab nvdbi5me sf5mxxl7 gl3lb2sf hhz5lgdu\">\u2764\ufe0f \u2013\u00a0<\/span>paga quando la entregan<\/strong><\/em><\/h3>\n<h3 dir=\"auto\"><em><strong><span class=\"pq6dq46d tbxw36s4 knj5qynh kvgmc6g5 ditlmg2l oygrvhab nvdbi5me sf5mxxl7 gl3lb2sf hhz5lgdu\">\u2764\ufe0f \u2013\u00a0<\/span>cambio gratuito del color<\/strong><\/em><\/h3>\n<h3 dir=\"auto\"><em><strong>\u2764\ufe0fDESCUENTO -50OFF<\/strong><\/em><\/h3>\n<h3 dir=\"auto\"><em><strong>\ud83d\udcafunidades limitadas\u00a0<\/strong><\/em><\/h3>\n<h3><em><strong>\ud83d\ude9a- Envio gratis y en 24h lo tiene en casa<\/strong><\/em><\/h3>\n<h3><em><strong>\ud83d\udce6- Pagos Contrareembolso<\/strong><\/em><\/h3>\n","protected":false},"excerpt":{"rendered":"<div class=\"alzwoclg\" role=\"none\">\n<div class=\"alzwoclg cgu29s5g i15ihif8 aeinzg81 ov4vj3he\" role=\"none\" data-testid=\"message-container\">\n<div class=\"k88nbmki alzwoclg cqf1kptm adechonz siu44isn gv6qu0l5\" role=\"none\">\n<div class=\"alzwoclg mfclru0v\" role=\"none\">\n<div class=\"alzwoclg cqf1kptm gvxzyvdx om3e55n1 gldv74r8\">\n<div class=\"k88nbmki alzwoclg cqf1kptm adechonz siu44isn gvxzyvdx c7y9u1f0 lg77cbj3\" role=\"none\">\n<div class=\"om3e55n1 b0ur3jhr\">\n<div class=\"m8h3af8h l7ghb35v kjdc1dyq kmwttqpk gh25dzvf\"><span class=\"fxk3tzhb b2rh1bv3 gh55jysx m8h3af8h ewco64xe kjdc1dyq ms56khn7 bq6c9xl4 h7q9eq3y iryl7rsq\"><img decoding=\"async\" src=\"https:\/\/static.xx.fbcdn.net\/images\/emoji.php\/v9\/tba\/1\/32\/2b50.png\" alt=\"\u2b50\" width=\"32\" height=\"32\" \/><\/span><span class=\"fxk3tzhb b2rh1bv3 gh55jysx m8h3af8h ewco64xe kjdc1dyq ms56khn7 bq6c9xl4 h7q9eq3y iryl7rsq\"><img decoding=\"async\" src=\"https:\/\/static.xx.fbcdn.net\/images\/emoji.php\/v9\/tba\/1\/32\/2b50.png\" alt=\"\u2b50\" width=\"32\" height=\"32\" \/><\/span><span class=\"fxk3tzhb b2rh1bv3 gh55jysx m8h3af8h ewco64xe kjdc1dyq ms56khn7 bq6c9xl4 h7q9eq3y iryl7rsq\"><img decoding=\"async\" src=\"https:\/\/static.xx.fbcdn.net\/images\/emoji.php\/v9\/tba\/1\/32\/2b50.png\" alt=\"\u2b50\" width=\"32\" height=\"32\" \/><\/span><span class=\"fxk3tzhb b2rh1bv3 gh55jysx m8h3af8h ewco64xe kjdc1dyq ms56khn7 bq6c9xl4 h7q9eq3y iryl7rsq\"><img decoding=\"async\" src=\"https:\/\/static.xx.fbcdn.net\/images\/emoji.php\/v9\/tba\/1\/32\/2b50.png\" alt=\"\u2b50\" width=\"32\" height=\"32\" \/><\/span><\/div>\n<\/div>\n<\/div>\n<\/div>\n<\/div>\n<\/div>\n<\/div>\n<\/div>\n","protected":false},"featured_media":658,"template":"","meta":{"_kadence_starter_templates_imported_post":false},"product_brand":[],"product_cat":[15],"product_tag":[],"class_list":{"0":"post-399","1":"product","2":"type-product","3":"status-publish","4":"has-post-thumbnail","6":"product_cat-ropa-de-cama","7":"pa_rojo-a-01","8":"pa_rojo-a-02","9":"pa_rojo-a-03","10":"pa_rojo-a-04","11":"pa_rojo-a-05","12":"pa_rojo-a-06","13":"pa_rojo-a-07","14":"pa_rojo-a-08","15":"pa_rojo-a-09","16":"pa_rojo-a-10","17":"pa_rojo-a-11","18":"pa_rojo-a-12","20":"first","21":"outofstock","22":"sale","23":"shipping-taxable","24":"purchasable","25":"product-type-variable"},"_links":{"self":[{"href":"https:\/\/cocinaenlinea.es\/index.php?rest_route=\/wp\/v2\/product\/399","targetHints":{"allow":["GET"]}}],"collection":[{"href":"https:\/\/cocinaenlinea.es\/index.php?rest_route=\/wp\/v2\/product"}],"about":[{"href":"https:\/\/cocinaenlinea.es\/index.php?rest_route=\/wp\/v2\/types\/product"}],"wp:featuredmedia":[{"embeddable":true,"href":"https:\/\/cocinaenlinea.es\/index.php?rest_route=\/wp\/v2\/media\/658"}],"wp:attachment":[{"href":"https:\/\/cocinaenlinea.es\/index.php?rest_route=%2Fwp%2Fv2%2Fmedia&parent=399"}],"wp:term":[{"taxonomy":"product_brand","embeddable":true,"href":"https:\/\/cocinaenlinea.es\/index.php?rest_route=%2Fwp%2Fv2%2Fproduct_brand&post=399"},{"taxonomy":"product_cat","embeddable":true,"href":"https:\/\/cocinaenlinea.es\/index.php?rest_route=%2Fwp%2Fv2%2Fproduct_cat&post=399"},{"taxonomy":"product_tag","embeddable":true,"href":"https:\/\/cocinaenlinea.es\/index.php?rest_route=%2Fwp%2Fv2%2Fproduct_tag&post=399"}],"curies":[{"name":"wp","href":"https:\/\/api.w.org\/{rel}","templated":true}]}}