{"id":2448,"date":"2024-02-27T00:09:02","date_gmt":"2024-02-26T23:09:02","guid":{"rendered":"https:\/\/cocinaenlinea.es\/?post_type=product&#038;p=2448"},"modified":"2026-01-29T11:04:51","modified_gmt":"2026-01-29T10:04:51","slug":"%f0%9f%8c%8a-domina-el-flujo-del-agua-con-la-potente-bomba-urzburg-w-2155-30-%f0%9f%8c%9f","status":"publish","type":"product","link":"https:\/\/cocinaenlinea.es\/?product=%f0%9f%8c%8a-domina-el-flujo-del-agua-con-la-potente-bomba-urzburg-w-2155-30-%f0%9f%8c%9f","title":{"rendered":"\ud83c\udf0a \u00a1Domina el flujo del agua con la potente Bomba \u00dcrzburg W-2155-30! \ud83c\udf1f"},"content":{"rendered":"<h3>\ud83c\udf0a<em> \u00bfNecesitas mover grandes cantidades de agua de manera eficiente y potente? \ud83d\udca7 La bomba de agua \u00dcrzburg W-2155-30 es tu soluci\u00f3n perfecta:<\/em><\/h3>\n<p>&nbsp;<\/p>\n<p><!--more--><img fetchpriority=\"high\" decoding=\"async\" class=\"alignnone size-full wp-image-2451\" src=\"https:\/\/cocinaenlinea.es\/wp-content\/uploads\/2024\/02\/BI-MLPQ-2660_4-1.jpg\" alt=\"\" width=\"1600\" height=\"1600\" srcset=\"https:\/\/cocinaenlinea.es\/wp-content\/uploads\/2024\/02\/BI-MLPQ-2660_4-1.jpg 1600w, https:\/\/cocinaenlinea.es\/wp-content\/uploads\/2024\/02\/BI-MLPQ-2660_4-1-300x300.jpg 300w, https:\/\/cocinaenlinea.es\/wp-content\/uploads\/2024\/02\/BI-MLPQ-2660_4-1-1024x1024.jpg 1024w, https:\/\/cocinaenlinea.es\/wp-content\/uploads\/2024\/02\/BI-MLPQ-2660_4-1-150x150.jpg 150w, https:\/\/cocinaenlinea.es\/wp-content\/uploads\/2024\/02\/BI-MLPQ-2660_4-1-768x768.jpg 768w, https:\/\/cocinaenlinea.es\/wp-content\/uploads\/2024\/02\/BI-MLPQ-2660_4-1-1536x1536.jpg 1536w, https:\/\/cocinaenlinea.es\/wp-content\/uploads\/2024\/02\/BI-MLPQ-2660_4-1-350x350.jpg 350w, https:\/\/cocinaenlinea.es\/wp-content\/uploads\/2024\/02\/BI-MLPQ-2660_4-1-600x600.jpg 600w, https:\/\/cocinaenlinea.es\/wp-content\/uploads\/2024\/02\/BI-MLPQ-2660_4-1-100x100.jpg 100w, https:\/\/cocinaenlinea.es\/wp-content\/uploads\/2024\/02\/BI-MLPQ-2660_4-1-50x50.jpg 50w\" sizes=\"(max-width: 1600px) 100vw, 1600px\" \/><\/p>\n<p>&nbsp;<\/p>\n<h3><em>&#8211; **Capacidad Impresionante:** Puede transportar hasta 1200 litros de agua por minuto, equivalente a 20 litros por segundo, \u00a1como tener una manguera de bomberos en casa!<\/em><\/h3>\n<p><img decoding=\"async\" class=\"alignnone size-full wp-image-2452\" src=\"https:\/\/cocinaenlinea.es\/wp-content\/uploads\/2024\/02\/BI-MLPQ-2660_1-1.jpg\" alt=\"\" width=\"1600\" height=\"1600\" srcset=\"https:\/\/cocinaenlinea.es\/wp-content\/uploads\/2024\/02\/BI-MLPQ-2660_1-1.jpg 1600w, https:\/\/cocinaenlinea.es\/wp-content\/uploads\/2024\/02\/BI-MLPQ-2660_1-1-300x300.jpg 300w, https:\/\/cocinaenlinea.es\/wp-content\/uploads\/2024\/02\/BI-MLPQ-2660_1-1-1024x1024.jpg 1024w, https:\/\/cocinaenlinea.es\/wp-content\/uploads\/2024\/02\/BI-MLPQ-2660_1-1-150x150.jpg 150w, https:\/\/cocinaenlinea.es\/wp-content\/uploads\/2024\/02\/BI-MLPQ-2660_1-1-768x768.jpg 768w, https:\/\/cocinaenlinea.es\/wp-content\/uploads\/2024\/02\/BI-MLPQ-2660_1-1-1536x1536.jpg 1536w, https:\/\/cocinaenlinea.es\/wp-content\/uploads\/2024\/02\/BI-MLPQ-2660_1-1-350x350.jpg 350w, https:\/\/cocinaenlinea.es\/wp-content\/uploads\/2024\/02\/BI-MLPQ-2660_1-1-600x600.jpg 600w, https:\/\/cocinaenlinea.es\/wp-content\/uploads\/2024\/02\/BI-MLPQ-2660_1-1-100x100.jpg 100w, https:\/\/cocinaenlinea.es\/wp-content\/uploads\/2024\/02\/BI-MLPQ-2660_1-1-50x50.jpg 50w\" sizes=\"(max-width: 1600px) 100vw, 1600px\" \/><\/p>\n<h3><em>&#8211; **Potencia Inigualable:** Con 6,5 HP y una altura m\u00e1xima de entrega de 32 metros, mover\u00e1 el agua con fuerza y a gran distancia, sin perder rendimiento ni presi\u00f3n.<\/em><\/h3>\n<p>&nbsp;<\/p>\n<h2><strong><em>VIENE INCLUIDO \u2b07\ufe0f<\/em><\/strong><\/h2>\n<h3><em>2 conexiones de entrada y salida.<\/em><\/h3>\n<h3><em>2 anillos de goma.<\/em><\/h3>\n<h3><span style=\"font-size: 18.72px;\">2 tuercas de fijaci\u00f3n<\/span><\/h3>\n<h3><em>3 anillos de fijaci\u00f3n.<\/em><\/h3>\n<h3><em>1 filtro de pl\u00e1stico.<\/em><\/h3>\n<h3><em>1 contacto con el filtro.<\/em><\/h3>\n<h3><em>4 patas antideslizantes.<\/em><\/h3>\n<h3><em>1 llave inglesa.<\/em><\/h3>\n<h3><em>1 manual (idioma espa\u00f1ol no garantizado<\/em><\/h3>\n<h3><em>1 bomba.<\/em><\/h3>\n<p><img decoding=\"async\" class=\"alignnone size-full wp-image-2454\" src=\"https:\/\/cocinaenlinea.es\/wp-content\/uploads\/2024\/02\/IMG20231007141203-scaled.jpg\" alt=\"\" width=\"2560\" height=\"1920\" srcset=\"https:\/\/cocinaenlinea.es\/wp-content\/uploads\/2024\/02\/IMG20231007141203-scaled.jpg 2560w, https:\/\/cocinaenlinea.es\/wp-content\/uploads\/2024\/02\/IMG20231007141203-300x225.jpg 300w, https:\/\/cocinaenlinea.es\/wp-content\/uploads\/2024\/02\/IMG20231007141203-1024x768.jpg 1024w, https:\/\/cocinaenlinea.es\/wp-content\/uploads\/2024\/02\/IMG20231007141203-768x576.jpg 768w, https:\/\/cocinaenlinea.es\/wp-content\/uploads\/2024\/02\/IMG20231007141203-1536x1152.jpg 1536w, https:\/\/cocinaenlinea.es\/wp-content\/uploads\/2024\/02\/IMG20231007141203-2048x1536.jpg 2048w, https:\/\/cocinaenlinea.es\/wp-content\/uploads\/2024\/02\/IMG20231007141203-600x450.jpg 600w\" sizes=\"(max-width: 2560px) 100vw, 2560px\" \/><\/p>\n<h3><em>&#8211; **Durabilidad y Resistencia:** Funciona con un motor de 4 tiempos refrigerado por aire, garantizando mayor durabilidad y resistencia. Adem\u00e1s, su arranque manual sencillo no requiere bater\u00edas ni electricidad.<\/em><\/h3>\n<ol>\n<li><img loading=\"lazy\" decoding=\"async\" class=\"aligncenter wp-image-2455\" src=\"https:\/\/cocinaenlinea.es\/wp-content\/uploads\/2024\/02\/IMG20231007141101-scaled.jpg\" alt=\"\" width=\"1080\" height=\"810\" srcset=\"https:\/\/cocinaenlinea.es\/wp-content\/uploads\/2024\/02\/IMG20231007141101-scaled.jpg 2560w, https:\/\/cocinaenlinea.es\/wp-content\/uploads\/2024\/02\/IMG20231007141101-300x225.jpg 300w, https:\/\/cocinaenlinea.es\/wp-content\/uploads\/2024\/02\/IMG20231007141101-1024x768.jpg 1024w, https:\/\/cocinaenlinea.es\/wp-content\/uploads\/2024\/02\/IMG20231007141101-768x576.jpg 768w, https:\/\/cocinaenlinea.es\/wp-content\/uploads\/2024\/02\/IMG20231007141101-1536x1152.jpg 1536w, https:\/\/cocinaenlinea.es\/wp-content\/uploads\/2024\/02\/IMG20231007141101-2048x1536.jpg 2048w, https:\/\/cocinaenlinea.es\/wp-content\/uploads\/2024\/02\/IMG20231007141101-600x450.jpg 600w\" sizes=\"(max-width: 1080px) 100vw, 1080px\" \/> <img loading=\"lazy\" decoding=\"async\" class=\"aligncenter wp-image-2456 size-full\" src=\"https:\/\/cocinaenlinea.es\/wp-content\/uploads\/2024\/02\/IMG20231007141123-scaled.jpg\" alt=\"\" width=\"2560\" height=\"1920\" srcset=\"https:\/\/cocinaenlinea.es\/wp-content\/uploads\/2024\/02\/IMG20231007141123-scaled.jpg 2560w, https:\/\/cocinaenlinea.es\/wp-content\/uploads\/2024\/02\/IMG20231007141123-300x225.jpg 300w, https:\/\/cocinaenlinea.es\/wp-content\/uploads\/2024\/02\/IMG20231007141123-1024x768.jpg 1024w, https:\/\/cocinaenlinea.es\/wp-content\/uploads\/2024\/02\/IMG20231007141123-768x576.jpg 768w, https:\/\/cocinaenlinea.es\/wp-content\/uploads\/2024\/02\/IMG20231007141123-1536x1152.jpg 1536w, https:\/\/cocinaenlinea.es\/wp-content\/uploads\/2024\/02\/IMG20231007141123-2048x1536.jpg 2048w, https:\/\/cocinaenlinea.es\/wp-content\/uploads\/2024\/02\/IMG20231007141123-600x450.jpg 600w\" sizes=\"(max-width: 2560px) 100vw, 2560px\" \/> <img loading=\"lazy\" decoding=\"async\" class=\"alignnone size-full wp-image-2457\" src=\"https:\/\/cocinaenlinea.es\/wp-content\/uploads\/2024\/02\/IMG20231007141209-scaled.jpg\" alt=\"\" width=\"1920\" height=\"2560\" srcset=\"https:\/\/cocinaenlinea.es\/wp-content\/uploads\/2024\/02\/IMG20231007141209-scaled.jpg 1920w, https:\/\/cocinaenlinea.es\/wp-content\/uploads\/2024\/02\/IMG20231007141209-225x300.jpg 225w, https:\/\/cocinaenlinea.es\/wp-content\/uploads\/2024\/02\/IMG20231007141209-768x1024.jpg 768w, https:\/\/cocinaenlinea.es\/wp-content\/uploads\/2024\/02\/IMG20231007141209-1152x1536.jpg 1152w, https:\/\/cocinaenlinea.es\/wp-content\/uploads\/2024\/02\/IMG20231007141209-1536x2048.jpg 1536w, https:\/\/cocinaenlinea.es\/wp-content\/uploads\/2024\/02\/IMG20231007141209-1024x1365.jpg 1024w, https:\/\/cocinaenlinea.es\/wp-content\/uploads\/2024\/02\/IMG20231007141209-300x400.jpg 300w, https:\/\/cocinaenlinea.es\/wp-content\/uploads\/2024\/02\/IMG20231007141209-600x800.jpg 600w\" sizes=\"(max-width: 1920px) 100vw, 1920px\" \/> <img loading=\"lazy\" decoding=\"async\" class=\"aligncenter wp-image-2458 size-full\" src=\"https:\/\/cocinaenlinea.es\/wp-content\/uploads\/2024\/02\/IMG20231007141252-scaled.jpg\" alt=\"\" width=\"1920\" height=\"2560\" srcset=\"https:\/\/cocinaenlinea.es\/wp-content\/uploads\/2024\/02\/IMG20231007141252-scaled.jpg 1920w, https:\/\/cocinaenlinea.es\/wp-content\/uploads\/2024\/02\/IMG20231007141252-225x300.jpg 225w, https:\/\/cocinaenlinea.es\/wp-content\/uploads\/2024\/02\/IMG20231007141252-768x1024.jpg 768w, https:\/\/cocinaenlinea.es\/wp-content\/uploads\/2024\/02\/IMG20231007141252-1152x1536.jpg 1152w, https:\/\/cocinaenlinea.es\/wp-content\/uploads\/2024\/02\/IMG20231007141252-1536x2048.jpg 1536w, https:\/\/cocinaenlinea.es\/wp-content\/uploads\/2024\/02\/IMG20231007141252-1024x1365.jpg 1024w, https:\/\/cocinaenlinea.es\/wp-content\/uploads\/2024\/02\/IMG20231007141252-300x400.jpg 300w, https:\/\/cocinaenlinea.es\/wp-content\/uploads\/2024\/02\/IMG20231007141252-600x800.jpg 600w\" sizes=\"(max-width: 1920px) 100vw, 1920px\" \/> <img loading=\"lazy\" decoding=\"async\" class=\"aligncenter wp-image-2460\" src=\"https:\/\/cocinaenlinea.es\/wp-content\/uploads\/2024\/02\/IMG20231007141054-scaled.jpg\" alt=\"\" width=\"2560\" height=\"1920\" srcset=\"https:\/\/cocinaenlinea.es\/wp-content\/uploads\/2024\/02\/IMG20231007141054-scaled.jpg 2560w, https:\/\/cocinaenlinea.es\/wp-content\/uploads\/2024\/02\/IMG20231007141054-300x225.jpg 300w, https:\/\/cocinaenlinea.es\/wp-content\/uploads\/2024\/02\/IMG20231007141054-1024x768.jpg 1024w, https:\/\/cocinaenlinea.es\/wp-content\/uploads\/2024\/02\/IMG20231007141054-768x576.jpg 768w, https:\/\/cocinaenlinea.es\/wp-content\/uploads\/2024\/02\/IMG20231007141054-1536x1152.jpg 1536w, https:\/\/cocinaenlinea.es\/wp-content\/uploads\/2024\/02\/IMG20231007141054-2048x1536.jpg 2048w, https:\/\/cocinaenlinea.es\/wp-content\/uploads\/2024\/02\/IMG20231007141054-600x450.jpg 600w\" sizes=\"(max-width: 2560px) 100vw, 2560px\" \/> <img loading=\"lazy\" decoding=\"async\" class=\"aligncenter wp-image-2461 size-full\" src=\"https:\/\/cocinaenlinea.es\/wp-content\/uploads\/2024\/02\/IMG20231007141024-scaled.jpg\" alt=\"\" width=\"2560\" height=\"1920\" srcset=\"https:\/\/cocinaenlinea.es\/wp-content\/uploads\/2024\/02\/IMG20231007141024-scaled.jpg 2560w, https:\/\/cocinaenlinea.es\/wp-content\/uploads\/2024\/02\/IMG20231007141024-300x225.jpg 300w, https:\/\/cocinaenlinea.es\/wp-content\/uploads\/2024\/02\/IMG20231007141024-1024x768.jpg 1024w, https:\/\/cocinaenlinea.es\/wp-content\/uploads\/2024\/02\/IMG20231007141024-768x576.jpg 768w, https:\/\/cocinaenlinea.es\/wp-content\/uploads\/2024\/02\/IMG20231007141024-1536x1152.jpg 1536w, https:\/\/cocinaenlinea.es\/wp-content\/uploads\/2024\/02\/IMG20231007141024-2048x1536.jpg 2048w, https:\/\/cocinaenlinea.es\/wp-content\/uploads\/2024\/02\/IMG20231007141024-600x450.jpg 600w\" sizes=\"(max-width: 2560px) 100vw, 2560px\" \/> <img loading=\"lazy\" decoding=\"async\" class=\"aligncenter wp-image-2462 size-full\" src=\"https:\/\/cocinaenlinea.es\/wp-content\/uploads\/2024\/02\/IMG20231007141038-scaled.jpg\" alt=\"\" width=\"1920\" height=\"2560\" srcset=\"https:\/\/cocinaenlinea.es\/wp-content\/uploads\/2024\/02\/IMG20231007141038-scaled.jpg 1920w, https:\/\/cocinaenlinea.es\/wp-content\/uploads\/2024\/02\/IMG20231007141038-225x300.jpg 225w, https:\/\/cocinaenlinea.es\/wp-content\/uploads\/2024\/02\/IMG20231007141038-768x1024.jpg 768w, https:\/\/cocinaenlinea.es\/wp-content\/uploads\/2024\/02\/IMG20231007141038-1152x1536.jpg 1152w, https:\/\/cocinaenlinea.es\/wp-content\/uploads\/2024\/02\/IMG20231007141038-1536x2048.jpg 1536w, https:\/\/cocinaenlinea.es\/wp-content\/uploads\/2024\/02\/IMG20231007141038-1024x1365.jpg 1024w, https:\/\/cocinaenlinea.es\/wp-content\/uploads\/2024\/02\/IMG20231007141038-300x400.jpg 300w, https:\/\/cocinaenlinea.es\/wp-content\/uploads\/2024\/02\/IMG20231007141038-600x800.jpg 600w\" sizes=\"(max-width: 1920px) 100vw, 1920px\" \/> <img loading=\"lazy\" decoding=\"async\" class=\"aligncenter wp-image-2463 size-full\" src=\"https:\/\/cocinaenlinea.es\/wp-content\/uploads\/2024\/02\/IMG20231007141017-scaled.jpg\" alt=\"\" width=\"2560\" height=\"1920\" srcset=\"https:\/\/cocinaenlinea.es\/wp-content\/uploads\/2024\/02\/IMG20231007141017-scaled.jpg 2560w, https:\/\/cocinaenlinea.es\/wp-content\/uploads\/2024\/02\/IMG20231007141017-300x225.jpg 300w, https:\/\/cocinaenlinea.es\/wp-content\/uploads\/2024\/02\/IMG20231007141017-1024x768.jpg 1024w, https:\/\/cocinaenlinea.es\/wp-content\/uploads\/2024\/02\/IMG20231007141017-768x576.jpg 768w, https:\/\/cocinaenlinea.es\/wp-content\/uploads\/2024\/02\/IMG20231007141017-1536x1152.jpg 1536w, https:\/\/cocinaenlinea.es\/wp-content\/uploads\/2024\/02\/IMG20231007141017-2048x1536.jpg 2048w, https:\/\/cocinaenlinea.es\/wp-content\/uploads\/2024\/02\/IMG20231007141017-600x450.jpg 600w\" sizes=\"(max-width: 2560px) 100vw, 2560px\" \/> <img loading=\"lazy\" decoding=\"async\" class=\"aligncenter wp-image-2464 size-full\" src=\"https:\/\/cocinaenlinea.es\/wp-content\/uploads\/2024\/02\/IMG20231007141108-scaled.jpg\" alt=\"\" width=\"2560\" height=\"1920\" srcset=\"https:\/\/cocinaenlinea.es\/wp-content\/uploads\/2024\/02\/IMG20231007141108-scaled.jpg 2560w, https:\/\/cocinaenlinea.es\/wp-content\/uploads\/2024\/02\/IMG20231007141108-300x225.jpg 300w, https:\/\/cocinaenlinea.es\/wp-content\/uploads\/2024\/02\/IMG20231007141108-1024x768.jpg 1024w, https:\/\/cocinaenlinea.es\/wp-content\/uploads\/2024\/02\/IMG20231007141108-768x576.jpg 768w, https:\/\/cocinaenlinea.es\/wp-content\/uploads\/2024\/02\/IMG20231007141108-1536x1152.jpg 1536w, https:\/\/cocinaenlinea.es\/wp-content\/uploads\/2024\/02\/IMG20231007141108-2048x1536.jpg 2048w, https:\/\/cocinaenlinea.es\/wp-content\/uploads\/2024\/02\/IMG20231007141108-600x450.jpg 600w\" sizes=\"(max-width: 2560px) 100vw, 2560px\" \/> <img loading=\"lazy\" decoding=\"async\" class=\"aligncenter wp-image-2466 size-full\" src=\"https:\/\/cocinaenlinea.es\/wp-content\/uploads\/2024\/02\/IMG20231007141305-scaled.jpg\" alt=\"\" width=\"2560\" height=\"1920\" srcset=\"https:\/\/cocinaenlinea.es\/wp-content\/uploads\/2024\/02\/IMG20231007141305-scaled.jpg 2560w, https:\/\/cocinaenlinea.es\/wp-content\/uploads\/2024\/02\/IMG20231007141305-300x225.jpg 300w, https:\/\/cocinaenlinea.es\/wp-content\/uploads\/2024\/02\/IMG20231007141305-1024x768.jpg 1024w, https:\/\/cocinaenlinea.es\/wp-content\/uploads\/2024\/02\/IMG20231007141305-768x576.jpg 768w, https:\/\/cocinaenlinea.es\/wp-content\/uploads\/2024\/02\/IMG20231007141305-1536x1152.jpg 1536w, https:\/\/cocinaenlinea.es\/wp-content\/uploads\/2024\/02\/IMG20231007141305-2048x1536.jpg 2048w, https:\/\/cocinaenlinea.es\/wp-content\/uploads\/2024\/02\/IMG20231007141305-600x450.jpg 600w\" sizes=\"(max-width: 2560px) 100vw, 2560px\" \/> <img loading=\"lazy\" decoding=\"async\" class=\"aligncenter wp-image-2467 size-full\" src=\"https:\/\/cocinaenlinea.es\/wp-content\/uploads\/2024\/02\/IMG20231007141315-scaled.jpg\" alt=\"\" width=\"2560\" height=\"1920\" srcset=\"https:\/\/cocinaenlinea.es\/wp-content\/uploads\/2024\/02\/IMG20231007141315-scaled.jpg 2560w, https:\/\/cocinaenlinea.es\/wp-content\/uploads\/2024\/02\/IMG20231007141315-300x225.jpg 300w, https:\/\/cocinaenlinea.es\/wp-content\/uploads\/2024\/02\/IMG20231007141315-1024x768.jpg 1024w, https:\/\/cocinaenlinea.es\/wp-content\/uploads\/2024\/02\/IMG20231007141315-768x576.jpg 768w, https:\/\/cocinaenlinea.es\/wp-content\/uploads\/2024\/02\/IMG20231007141315-1536x1152.jpg 1536w, https:\/\/cocinaenlinea.es\/wp-content\/uploads\/2024\/02\/IMG20231007141315-2048x1536.jpg 2048w, https:\/\/cocinaenlinea.es\/wp-content\/uploads\/2024\/02\/IMG20231007141315-600x450.jpg 600w\" sizes=\"(max-width: 2560px) 100vw, 2560px\" \/><\/li>\n<\/ol>\n<p><!--more--><\/p>\n<h3><em>&#8211; **Versatilidad y Portabilidad:** Con solo 24 kg de peso y dimensiones de 48 x 38 x 41 cm, es apta para uso profesional y privado. \u00dasala en cualquier situaci\u00f3n, desde un s\u00f3tano inundado hasta un huerto o jard\u00edn.<\/em><\/h3>\n<h3><em>\u00a1Y eso no es todo! Al comprarla ahora, te ofrecemos condiciones inmejorables:<\/em><\/h3>\n<p><img loading=\"lazy\" decoding=\"async\" class=\"alignnone size-full wp-image-2469\" src=\"https:\/\/cocinaenlinea.es\/wp-content\/uploads\/2024\/02\/IMG20231027122724-scaled.jpg\" alt=\"\" width=\"1920\" height=\"2560\" srcset=\"https:\/\/cocinaenlinea.es\/wp-content\/uploads\/2024\/02\/IMG20231027122724-scaled.jpg 1920w, https:\/\/cocinaenlinea.es\/wp-content\/uploads\/2024\/02\/IMG20231027122724-225x300.jpg 225w, https:\/\/cocinaenlinea.es\/wp-content\/uploads\/2024\/02\/IMG20231027122724-768x1024.jpg 768w, https:\/\/cocinaenlinea.es\/wp-content\/uploads\/2024\/02\/IMG20231027122724-1152x1536.jpg 1152w, https:\/\/cocinaenlinea.es\/wp-content\/uploads\/2024\/02\/IMG20231027122724-1536x2048.jpg 1536w, https:\/\/cocinaenlinea.es\/wp-content\/uploads\/2024\/02\/IMG20231027122724-1024x1365.jpg 1024w, https:\/\/cocinaenlinea.es\/wp-content\/uploads\/2024\/02\/IMG20231027122724-300x400.jpg 300w, https:\/\/cocinaenlinea.es\/wp-content\/uploads\/2024\/02\/IMG20231027122724-600x800.jpg 600w\" sizes=\"(max-width: 1920px) 100vw, 1920px\" \/><\/p>\n<h3>&#8211; **Completo Set de Accesorios:** Incluye instrucciones en alem\u00e1n e ingl\u00e9s, mangueras, abrazaderas y filtros para una instalaci\u00f3n y uso sin problemas.<\/h3>\n<p><img loading=\"lazy\" decoding=\"async\" class=\"alignnone wp-image-2459\" src=\"https:\/\/cocinaenlinea.es\/wp-content\/uploads\/2024\/02\/IMG20231007141203-1-scaled.jpg\" alt=\"\" width=\"2560\" height=\"1920\" srcset=\"https:\/\/cocinaenlinea.es\/wp-content\/uploads\/2024\/02\/IMG20231007141203-1-scaled.jpg 2560w, https:\/\/cocinaenlinea.es\/wp-content\/uploads\/2024\/02\/IMG20231007141203-1-300x225.jpg 300w, https:\/\/cocinaenlinea.es\/wp-content\/uploads\/2024\/02\/IMG20231007141203-1-1024x768.jpg 1024w, https:\/\/cocinaenlinea.es\/wp-content\/uploads\/2024\/02\/IMG20231007141203-1-768x576.jpg 768w, https:\/\/cocinaenlinea.es\/wp-content\/uploads\/2024\/02\/IMG20231007141203-1-1536x1152.jpg 1536w, https:\/\/cocinaenlinea.es\/wp-content\/uploads\/2024\/02\/IMG20231007141203-1-2048x1536.jpg 2048w, https:\/\/cocinaenlinea.es\/wp-content\/uploads\/2024\/02\/IMG20231007141203-1-600x450.jpg 600w\" sizes=\"(max-width: 2560px) 100vw, 2560px\" \/><\/p>\n<h3><em>&#8211; **Env\u00edo Gratis a Toda Espa\u00f1a:*TIPSA* Sin importar el peso ni el volumen del paquete.<\/em><\/h3>\n<p><img loading=\"lazy\" decoding=\"async\" class=\"alignnone wp-image-1988\" src=\"https:\/\/cocinaenlinea.es\/wp-content\/uploads\/2023\/12\/images-9-1.jpeg\" alt=\"\" width=\"1080\" height=\"953\" \/><\/p>\n<h3><em>&#8211; **Descuento del 50%:** Paga solo 129\u20ac por esta maravilla de la tecnolog\u00eda.<\/em><\/h3>\n<p><img loading=\"lazy\" decoding=\"async\" class=\"alignnone wp-image-2463\" src=\"https:\/\/cocinaenlinea.es\/wp-content\/uploads\/2024\/02\/IMG20231007141017-scaled.jpg\" alt=\"\" width=\"2560\" height=\"1920\" srcset=\"https:\/\/cocinaenlinea.es\/wp-content\/uploads\/2024\/02\/IMG20231007141017-scaled.jpg 2560w, https:\/\/cocinaenlinea.es\/wp-content\/uploads\/2024\/02\/IMG20231007141017-300x225.jpg 300w, https:\/\/cocinaenlinea.es\/wp-content\/uploads\/2024\/02\/IMG20231007141017-1024x768.jpg 1024w, https:\/\/cocinaenlinea.es\/wp-content\/uploads\/2024\/02\/IMG20231007141017-768x576.jpg 768w, https:\/\/cocinaenlinea.es\/wp-content\/uploads\/2024\/02\/IMG20231007141017-1536x1152.jpg 1536w, https:\/\/cocinaenlinea.es\/wp-content\/uploads\/2024\/02\/IMG20231007141017-2048x1536.jpg 2048w, https:\/\/cocinaenlinea.es\/wp-content\/uploads\/2024\/02\/IMG20231007141017-600x450.jpg 600w\" sizes=\"(max-width: 2560px) 100vw, 2560px\" \/><\/p>\n<h3><em>&#8211; **Garant\u00eda de 3 A\u00f1os:** Con la seguridad de reemplazo o devoluci\u00f3n del dinero en caso de cualquier problema.<\/em><\/h3>\n<p><img loading=\"lazy\" decoding=\"async\" class=\"alignnone wp-image-1983\" src=\"https:\/\/cocinaenlinea.es\/wp-content\/uploads\/2023\/12\/garantia-3-anos-1.png\" alt=\"\" width=\"1080\" height=\"1080\" srcset=\"https:\/\/cocinaenlinea.es\/wp-content\/uploads\/2023\/12\/garantia-3-anos-1.png 400w, https:\/\/cocinaenlinea.es\/wp-content\/uploads\/2023\/12\/garantia-3-anos-1-300x300.png 300w, https:\/\/cocinaenlinea.es\/wp-content\/uploads\/2023\/12\/garantia-3-anos-1-150x150.png 150w, https:\/\/cocinaenlinea.es\/wp-content\/uploads\/2023\/12\/garantia-3-anos-1-350x350.png 350w, https:\/\/cocinaenlinea.es\/wp-content\/uploads\/2023\/12\/garantia-3-anos-1-100x100.png 100w, https:\/\/cocinaenlinea.es\/wp-content\/uploads\/2023\/12\/garantia-3-anos-1-50x50.png 50w\" sizes=\"(max-width: 1080px) 100vw, 1080px\" \/><\/p>\n<h3><em>\u00a1No esperes m\u00e1s y hazte con la bomba de agua \u00dcrzburg W-2155-30 para mantener el control sobre el agua! \ud83c\udf1f<\/em><\/h3>\n<p>&nbsp;<\/p>\n<p><img loading=\"lazy\" decoding=\"async\" class=\"aligncenter wp-image-1996\" src=\"https:\/\/cocinaenlinea.es\/wp-content\/uploads\/2023\/12\/images-11.jpeg\" alt=\"\" width=\"1080\" height=\"719\" \/><\/p>\n<p><img loading=\"lazy\" decoding=\"async\" class=\"aligncenter wp-image-1984\" src=\"https:\/\/cocinaenlinea.es\/wp-content\/uploads\/2023\/12\/1631375030961-1.jpeg\" alt=\"\" width=\"1080\" height=\"1080\" srcset=\"https:\/\/cocinaenlinea.es\/wp-content\/uploads\/2023\/12\/1631375030961-1.jpeg 200w, https:\/\/cocinaenlinea.es\/wp-content\/uploads\/2023\/12\/1631375030961-1-150x150.jpeg 150w, https:\/\/cocinaenlinea.es\/wp-content\/uploads\/2023\/12\/1631375030961-1-100x100.jpeg 100w, https:\/\/cocinaenlinea.es\/wp-content\/uploads\/2023\/12\/1631375030961-1-50x50.jpeg 50w\" sizes=\"(max-width: 1080px) 100vw, 1080px\" \/><\/p>\n","protected":false},"excerpt":{"rendered":"<p>\ud83c\udf0a \u00bfNecesitas mover grandes cantidades de agua de manera eficiente y potente? \ud83d\udca7 La bomba de agua \u00dcrzburg W-2155-30 es tu soluci\u00f3n perfecta: &nbsp;<\/p>\n","protected":false},"featured_media":2464,"template":"","meta":{"_kadence_starter_templates_imported_post":false},"product_brand":[],"product_cat":[18],"product_tag":[],"class_list":{"0":"post-2448","1":"product","2":"type-product","3":"status-publish","4":"has-post-thumbnail","6":"product_cat-herramienta","8":"first","9":"instock","10":"sale","11":"shipping-taxable","12":"purchasable","13":"product-type-simple"},"_links":{"self":[{"href":"https:\/\/cocinaenlinea.es\/index.php?rest_route=\/wp\/v2\/product\/2448","targetHints":{"allow":["GET"]}}],"collection":[{"href":"https:\/\/cocinaenlinea.es\/index.php?rest_route=\/wp\/v2\/product"}],"about":[{"href":"https:\/\/cocinaenlinea.es\/index.php?rest_route=\/wp\/v2\/types\/product"}],"wp:featuredmedia":[{"embeddable":true,"href":"https:\/\/cocinaenlinea.es\/index.php?rest_route=\/wp\/v2\/media\/2464"}],"wp:attachment":[{"href":"https:\/\/cocinaenlinea.es\/index.php?rest_route=%2Fwp%2Fv2%2Fmedia&parent=2448"}],"wp:term":[{"taxonomy":"product_brand","embeddable":true,"href":"https:\/\/cocinaenlinea.es\/index.php?rest_route=%2Fwp%2Fv2%2Fproduct_brand&post=2448"},{"taxonomy":"product_cat","embeddable":true,"href":"https:\/\/cocinaenlinea.es\/index.php?rest_route=%2Fwp%2Fv2%2Fproduct_cat&post=2448"},{"taxonomy":"product_tag","embeddable":true,"href":"https:\/\/cocinaenlinea.es\/index.php?rest_route=%2Fwp%2Fv2%2Fproduct_tag&post=2448"}],"curies":[{"name":"wp","href":"https:\/\/api.w.org\/{rel}","templated":true}]}}