{"id":150,"date":"2022-09-04T00:11:52","date_gmt":"2022-09-03T22:11:52","guid":{"rendered":"https:\/\/cocinaenlinea.es\/?post_type=product&#038;p=150"},"modified":"2025-03-13T23:24:49","modified_gmt":"2025-03-13T22:24:49","slug":"juego-de-4-cacerolas-de-acero-inoxidable-%e2%ad%90%e2%ad%90%e2%ad%90%e2%ad%90%e2%ad%90","status":"publish","type":"product","link":"https:\/\/cocinaenlinea.es\/?product=juego-de-4-cacerolas-de-acero-inoxidable-%e2%ad%90%e2%ad%90%e2%ad%90%e2%ad%90%e2%ad%90","title":{"rendered":"Ollas acero inoxidable Abba Line Germany 8 pcs \ud83c\udde9\ud83c\uddea"},"content":{"rendered":"<blockquote><p>Descubre la perfecci\u00f3n culinaria con nuestras extraordinarias ollas Abba Line Germany. Creadas con un doble material de acero inoxidable 18\/10, estas ollas son una fusi\u00f3n de durabilidad y elegancia. Experimenta la calidad alemana en cada cocina con nuestro exclusivo set de 4 ollas grandes, equipadas con tapas de cristal para una experiencia de cocina insuperable<\/p>\n<p>Material y Fabricaci\u00f3n:<\/p>\n<p>Fabricadas con esmero, nuestras ollas Abba Line Germany destacan por su doble material de acero inoxidable 18\/10. Este proceso de fabricaci\u00f3n asegura resistencia y durabilidad, proporcionando una base s\u00f3lida para una cocina excepcional. Cada detalle se ha cuidado meticulosamente para ofrecerte la mejor calidad alemana en tu cocina.<\/p>\n<p><img fetchpriority=\"high\" decoding=\"async\" class=\"aligncenter wp-image-2190\" src=\"https:\/\/cocinaenlinea.es\/wp-content\/uploads\/2022\/09\/IMG20230624144653-scaled.jpg\" alt=\"\" width=\"1080\" height=\"1440\" srcset=\"https:\/\/cocinaenlinea.es\/wp-content\/uploads\/2022\/09\/IMG20230624144653-scaled.jpg 1920w, https:\/\/cocinaenlinea.es\/wp-content\/uploads\/2022\/09\/IMG20230624144653-225x300.jpg 225w, https:\/\/cocinaenlinea.es\/wp-content\/uploads\/2022\/09\/IMG20230624144653-768x1024.jpg 768w, https:\/\/cocinaenlinea.es\/wp-content\/uploads\/2022\/09\/IMG20230624144653-1152x1536.jpg 1152w, https:\/\/cocinaenlinea.es\/wp-content\/uploads\/2022\/09\/IMG20230624144653-1536x2048.jpg 1536w, https:\/\/cocinaenlinea.es\/wp-content\/uploads\/2022\/09\/IMG20230624144653-1024x1365.jpg 1024w, https:\/\/cocinaenlinea.es\/wp-content\/uploads\/2022\/09\/IMG20230624144653-300x400.jpg 300w, https:\/\/cocinaenlinea.es\/wp-content\/uploads\/2022\/09\/IMG20230624144653-600x800.jpg 600w\" sizes=\"(max-width: 1080px) 100vw, 1080px\" \/><\/p>\n<h2>Adaptabilidad para Todo Tipo de Cocina:<\/h2>\n<p>Dise\u00f1adas para adaptarse a cualquier tipo de cocina, las ollas Abba Line Germany son vers\u00e1tiles y eficientes. Desde fuegos tradicionales hasta placas de inducci\u00f3n modernas, estas ollas son tu compa\u00f1ero perfecto para experimentar con distintos estilos culinarios.<\/p><\/blockquote>\n<h2>\u00a0 \u00a0 \u00a0 \u00a0 Precio y Env\u00edo Gratis:<\/h2>\n<blockquote><p>Disfruta de la excelencia culinaria a un precio inigualable. Adquiere el set completo de 4 ollas grandes con tapas de cristal, que var\u00edan desde 6L hasta 12L, por tan solo 59\u20ac. \u00a1Y eso no es todo! Ofrecemos env\u00edo gratuito para que recibas estas joyas culinarias directamente en tu puerta, sin costos adicionales.<\/p>\n<h2><img decoding=\"async\" class=\"alignnone wp-image-2191 size-full\" src=\"https:\/\/cocinaenlinea.es\/wp-content\/uploads\/2022\/09\/IMG20230624144744-scaled.jpg\" alt=\"\" width=\"2560\" height=\"1920\" srcset=\"https:\/\/cocinaenlinea.es\/wp-content\/uploads\/2022\/09\/IMG20230624144744-scaled.jpg 2560w, https:\/\/cocinaenlinea.es\/wp-content\/uploads\/2022\/09\/IMG20230624144744-300x225.jpg 300w, https:\/\/cocinaenlinea.es\/wp-content\/uploads\/2022\/09\/IMG20230624144744-1024x768.jpg 1024w, https:\/\/cocinaenlinea.es\/wp-content\/uploads\/2022\/09\/IMG20230624144744-768x576.jpg 768w, https:\/\/cocinaenlinea.es\/wp-content\/uploads\/2022\/09\/IMG20230624144744-1536x1152.jpg 1536w, https:\/\/cocinaenlinea.es\/wp-content\/uploads\/2022\/09\/IMG20230624144744-2048x1536.jpg 2048w, https:\/\/cocinaenlinea.es\/wp-content\/uploads\/2022\/09\/IMG20230624144744-600x450.jpg 600w\" sizes=\"(max-width: 2560px) 100vw, 2560px\" \/>Final Especial:<\/h2>\n<\/blockquote>\n<blockquote><p>Como agradecimiento por tu compra, incluimos como regalo 3 cucharas de madera. Adem\u00e1s, queremos que tengas total confianza en tu elecci\u00f3n, por lo que te invitamos a abrir el paquete \ud83d\udce6 antes de realizar el pago. Tu satisfacci\u00f3n es nuestra prioridad. \u00a1Descubre la diferencia con las ollas Abba Line Germany ahora!<\/p>\n<p><img decoding=\"async\" class=\"alignnone wp-image-1996\" src=\"https:\/\/cocinaenlinea.es\/wp-content\/uploads\/2023\/12\/images-11.jpeg\" alt=\"\" width=\"1080\" height=\"719\" \/><img loading=\"lazy\" decoding=\"async\" class=\"alignnone wp-image-1988\" src=\"https:\/\/cocinaenlinea.es\/wp-content\/uploads\/2023\/12\/images-9-1.jpeg\" alt=\"\" width=\"1080\" height=\"953\" \/><\/p>\n<h1><img loading=\"lazy\" decoding=\"async\" class=\"aligncenter wp-image-1984\" src=\"https:\/\/cocinaenlinea.es\/wp-content\/uploads\/2023\/12\/1631375030961-1.jpeg\" alt=\"\" width=\"1080\" height=\"1080\" srcset=\"https:\/\/cocinaenlinea.es\/wp-content\/uploads\/2023\/12\/1631375030961-1.jpeg 200w, https:\/\/cocinaenlinea.es\/wp-content\/uploads\/2023\/12\/1631375030961-1-150x150.jpeg 150w, https:\/\/cocinaenlinea.es\/wp-content\/uploads\/2023\/12\/1631375030961-1-100x100.jpeg 100w, https:\/\/cocinaenlinea.es\/wp-content\/uploads\/2023\/12\/1631375030961-1-50x50.jpeg 50w\" sizes=\"(max-width: 1080px) 100vw, 1080px\" \/><\/h1>\n<h1>Opiniones de clientes<\/h1>\n<h1>\u2b50\u2b50\u2b50\u2b50\u2b50<\/h1>\n<p><img loading=\"lazy\" decoding=\"async\" class=\"alignnone size-large wp-image-2195\" src=\"https:\/\/cocinaenlinea.es\/wp-content\/uploads\/2022\/09\/IMG_20240112_033031-474x1024.jpg\" alt=\"\" width=\"474\" height=\"1024\" srcset=\"https:\/\/cocinaenlinea.es\/wp-content\/uploads\/2022\/09\/IMG_20240112_033031-474x1024.jpg 474w, https:\/\/cocinaenlinea.es\/wp-content\/uploads\/2022\/09\/IMG_20240112_033031-139x300.jpg 139w, https:\/\/cocinaenlinea.es\/wp-content\/uploads\/2022\/09\/IMG_20240112_033031-768x1660.jpg 768w, https:\/\/cocinaenlinea.es\/wp-content\/uploads\/2022\/09\/IMG_20240112_033031-711x1536.jpg 711w, https:\/\/cocinaenlinea.es\/wp-content\/uploads\/2022\/09\/IMG_20240112_033031-948x2048.jpg 948w, https:\/\/cocinaenlinea.es\/wp-content\/uploads\/2022\/09\/IMG_20240112_033031-1024x2213.jpg 1024w, https:\/\/cocinaenlinea.es\/wp-content\/uploads\/2022\/09\/IMG_20240112_033031-300x648.jpg 300w, https:\/\/cocinaenlinea.es\/wp-content\/uploads\/2022\/09\/IMG_20240112_033031-600x1297.jpg 600w, https:\/\/cocinaenlinea.es\/wp-content\/uploads\/2022\/09\/IMG_20240112_033031.jpg 1067w\" sizes=\"(max-width: 474px) 100vw, 474px\" \/> <img loading=\"lazy\" decoding=\"async\" class=\"alignnone size-large wp-image-2196\" src=\"https:\/\/cocinaenlinea.es\/wp-content\/uploads\/2022\/09\/IMG_20240112_033014-486x1024.jpg\" alt=\"\" width=\"486\" height=\"1024\" srcset=\"https:\/\/cocinaenlinea.es\/wp-content\/uploads\/2022\/09\/IMG_20240112_033014-486x1024.jpg 486w, https:\/\/cocinaenlinea.es\/wp-content\/uploads\/2022\/09\/IMG_20240112_033014-143x300.jpg 143w, https:\/\/cocinaenlinea.es\/wp-content\/uploads\/2022\/09\/IMG_20240112_033014-768x1617.jpg 768w, https:\/\/cocinaenlinea.es\/wp-content\/uploads\/2022\/09\/IMG_20240112_033014-730x1536.jpg 730w, https:\/\/cocinaenlinea.es\/wp-content\/uploads\/2022\/09\/IMG_20240112_033014-973x2048.jpg 973w, https:\/\/cocinaenlinea.es\/wp-content\/uploads\/2022\/09\/IMG_20240112_033014-1024x2155.jpg 1024w, https:\/\/cocinaenlinea.es\/wp-content\/uploads\/2022\/09\/IMG_20240112_033014-300x631.jpg 300w, https:\/\/cocinaenlinea.es\/wp-content\/uploads\/2022\/09\/IMG_20240112_033014-600x1263.jpg 600w, https:\/\/cocinaenlinea.es\/wp-content\/uploads\/2022\/09\/IMG_20240112_033014.jpg 1077w\" sizes=\"(max-width: 486px) 100vw, 486px\" \/> <img loading=\"lazy\" decoding=\"async\" class=\"alignnone size-large wp-image-2197\" src=\"https:\/\/cocinaenlinea.es\/wp-content\/uploads\/2022\/09\/IMG_20240112_033004-480x1024.jpg\" alt=\"\" width=\"480\" height=\"1024\" srcset=\"https:\/\/cocinaenlinea.es\/wp-content\/uploads\/2022\/09\/IMG_20240112_033004-480x1024.jpg 480w, https:\/\/cocinaenlinea.es\/wp-content\/uploads\/2022\/09\/IMG_20240112_033004-141x300.jpg 141w, https:\/\/cocinaenlinea.es\/wp-content\/uploads\/2022\/09\/IMG_20240112_033004-768x1637.jpg 768w, https:\/\/cocinaenlinea.es\/wp-content\/uploads\/2022\/09\/IMG_20240112_033004-720x1536.jpg 720w, https:\/\/cocinaenlinea.es\/wp-content\/uploads\/2022\/09\/IMG_20240112_033004-961x2048.jpg 961w, https:\/\/cocinaenlinea.es\/wp-content\/uploads\/2022\/09\/IMG_20240112_033004-1024x2183.jpg 1024w, https:\/\/cocinaenlinea.es\/wp-content\/uploads\/2022\/09\/IMG_20240112_033004-300x640.jpg 300w, https:\/\/cocinaenlinea.es\/wp-content\/uploads\/2022\/09\/IMG_20240112_033004-600x1279.jpg 600w, https:\/\/cocinaenlinea.es\/wp-content\/uploads\/2022\/09\/IMG_20240112_033004.jpg 1076w\" sizes=\"(max-width: 480px) 100vw, 480px\" \/> <img loading=\"lazy\" decoding=\"async\" class=\"alignnone size-large wp-image-2198\" src=\"https:\/\/cocinaenlinea.es\/wp-content\/uploads\/2022\/09\/IMG_20240112_032949-477x1024.jpg\" alt=\"\" width=\"477\" height=\"1024\" srcset=\"https:\/\/cocinaenlinea.es\/wp-content\/uploads\/2022\/09\/IMG_20240112_032949-477x1024.jpg 477w, https:\/\/cocinaenlinea.es\/wp-content\/uploads\/2022\/09\/IMG_20240112_032949-140x300.jpg 140w, https:\/\/cocinaenlinea.es\/wp-content\/uploads\/2022\/09\/IMG_20240112_032949-768x1648.jpg 768w, https:\/\/cocinaenlinea.es\/wp-content\/uploads\/2022\/09\/IMG_20240112_032949-716x1536.jpg 716w, https:\/\/cocinaenlinea.es\/wp-content\/uploads\/2022\/09\/IMG_20240112_032949-954x2048.jpg 954w, https:\/\/cocinaenlinea.es\/wp-content\/uploads\/2022\/09\/IMG_20240112_032949-1024x2198.jpg 1024w, https:\/\/cocinaenlinea.es\/wp-content\/uploads\/2022\/09\/IMG_20240112_032949-300x644.jpg 300w, https:\/\/cocinaenlinea.es\/wp-content\/uploads\/2022\/09\/IMG_20240112_032949-600x1288.jpg 600w, https:\/\/cocinaenlinea.es\/wp-content\/uploads\/2022\/09\/IMG_20240112_032949.jpg 1080w\" sizes=\"(max-width: 477px) 100vw, 477px\" \/> <img loading=\"lazy\" decoding=\"async\" class=\"alignnone size-large wp-image-2199\" src=\"https:\/\/cocinaenlinea.es\/wp-content\/uploads\/2022\/09\/IMG_20240112_032928-485x1024.jpg\" alt=\"\" width=\"485\" height=\"1024\" srcset=\"https:\/\/cocinaenlinea.es\/wp-content\/uploads\/2022\/09\/IMG_20240112_032928-485x1024.jpg 485w, https:\/\/cocinaenlinea.es\/wp-content\/uploads\/2022\/09\/IMG_20240112_032928-142x300.jpg 142w, https:\/\/cocinaenlinea.es\/wp-content\/uploads\/2022\/09\/IMG_20240112_032928-768x1620.jpg 768w, https:\/\/cocinaenlinea.es\/wp-content\/uploads\/2022\/09\/IMG_20240112_032928-728x1536.jpg 728w, https:\/\/cocinaenlinea.es\/wp-content\/uploads\/2022\/09\/IMG_20240112_032928-971x2048.jpg 971w, https:\/\/cocinaenlinea.es\/wp-content\/uploads\/2022\/09\/IMG_20240112_032928-1024x2160.jpg 1024w, https:\/\/cocinaenlinea.es\/wp-content\/uploads\/2022\/09\/IMG_20240112_032928-300x633.jpg 300w, https:\/\/cocinaenlinea.es\/wp-content\/uploads\/2022\/09\/IMG_20240112_032928-600x1266.jpg 600w, https:\/\/cocinaenlinea.es\/wp-content\/uploads\/2022\/09\/IMG_20240112_032928.jpg 1080w\" sizes=\"(max-width: 485px) 100vw, 485px\" \/> <img loading=\"lazy\" decoding=\"async\" class=\"alignnone size-large wp-image-2200\" src=\"https:\/\/cocinaenlinea.es\/wp-content\/uploads\/2022\/09\/IMG_20240112_032919-480x1024.jpg\" alt=\"\" width=\"480\" height=\"1024\" srcset=\"https:\/\/cocinaenlinea.es\/wp-content\/uploads\/2022\/09\/IMG_20240112_032919-480x1024.jpg 480w, https:\/\/cocinaenlinea.es\/wp-content\/uploads\/2022\/09\/IMG_20240112_032919-141x300.jpg 141w, https:\/\/cocinaenlinea.es\/wp-content\/uploads\/2022\/09\/IMG_20240112_032919-768x1638.jpg 768w, https:\/\/cocinaenlinea.es\/wp-content\/uploads\/2022\/09\/IMG_20240112_032919-720x1536.jpg 720w, https:\/\/cocinaenlinea.es\/wp-content\/uploads\/2022\/09\/IMG_20240112_032919-960x2048.jpg 960w, https:\/\/cocinaenlinea.es\/wp-content\/uploads\/2022\/09\/IMG_20240112_032919-1024x2184.jpg 1024w, https:\/\/cocinaenlinea.es\/wp-content\/uploads\/2022\/09\/IMG_20240112_032919-300x640.jpg 300w, https:\/\/cocinaenlinea.es\/wp-content\/uploads\/2022\/09\/IMG_20240112_032919-600x1280.jpg 600w, https:\/\/cocinaenlinea.es\/wp-content\/uploads\/2022\/09\/IMG_20240112_032919.jpg 1074w\" sizes=\"(max-width: 480px) 100vw, 480px\" \/> <img loading=\"lazy\" decoding=\"async\" class=\"alignnone size-large wp-image-2201\" src=\"https:\/\/cocinaenlinea.es\/wp-content\/uploads\/2022\/09\/IMG_20240112_032910-493x1024.jpg\" alt=\"\" width=\"493\" height=\"1024\" srcset=\"https:\/\/cocinaenlinea.es\/wp-content\/uploads\/2022\/09\/IMG_20240112_032910-493x1024.jpg 493w, https:\/\/cocinaenlinea.es\/wp-content\/uploads\/2022\/09\/IMG_20240112_032910-145x300.jpg 145w, https:\/\/cocinaenlinea.es\/wp-content\/uploads\/2022\/09\/IMG_20240112_032910-768x1594.jpg 768w, https:\/\/cocinaenlinea.es\/wp-content\/uploads\/2022\/09\/IMG_20240112_032910-740x1536.jpg 740w, https:\/\/cocinaenlinea.es\/wp-content\/uploads\/2022\/09\/IMG_20240112_032910-987x2048.jpg 987w, https:\/\/cocinaenlinea.es\/wp-content\/uploads\/2022\/09\/IMG_20240112_032910-1024x2125.jpg 1024w, https:\/\/cocinaenlinea.es\/wp-content\/uploads\/2022\/09\/IMG_20240112_032910-300x623.jpg 300w, https:\/\/cocinaenlinea.es\/wp-content\/uploads\/2022\/09\/IMG_20240112_032910-600x1245.jpg 600w, https:\/\/cocinaenlinea.es\/wp-content\/uploads\/2022\/09\/IMG_20240112_032910.jpg 1080w\" sizes=\"(max-width: 493px) 100vw, 493px\" \/> <img loading=\"lazy\" decoding=\"async\" class=\"alignnone size-large wp-image-2202\" src=\"https:\/\/cocinaenlinea.es\/wp-content\/uploads\/2022\/09\/IMG_20240112_032938-484x1024.jpg\" alt=\"\" width=\"484\" height=\"1024\" srcset=\"https:\/\/cocinaenlinea.es\/wp-content\/uploads\/2022\/09\/IMG_20240112_032938-484x1024.jpg 484w, https:\/\/cocinaenlinea.es\/wp-content\/uploads\/2022\/09\/IMG_20240112_032938-142x300.jpg 142w, https:\/\/cocinaenlinea.es\/wp-content\/uploads\/2022\/09\/IMG_20240112_032938-768x1625.jpg 768w, https:\/\/cocinaenlinea.es\/wp-content\/uploads\/2022\/09\/IMG_20240112_032938-726x1536.jpg 726w, https:\/\/cocinaenlinea.es\/wp-content\/uploads\/2022\/09\/IMG_20240112_032938-968x2048.jpg 968w, https:\/\/cocinaenlinea.es\/wp-content\/uploads\/2022\/09\/IMG_20240112_032938-1024x2167.jpg 1024w, https:\/\/cocinaenlinea.es\/wp-content\/uploads\/2022\/09\/IMG_20240112_032938-300x635.jpg 300w, https:\/\/cocinaenlinea.es\/wp-content\/uploads\/2022\/09\/IMG_20240112_032938-600x1269.jpg 600w, https:\/\/cocinaenlinea.es\/wp-content\/uploads\/2022\/09\/IMG_20240112_032938.jpg 1080w\" sizes=\"(max-width: 484px) 100vw, 484px\" \/> <img loading=\"lazy\" decoding=\"async\" class=\"alignnone size-large wp-image-2203\" src=\"https:\/\/cocinaenlinea.es\/wp-content\/uploads\/2022\/09\/IMG_20240112_032855-483x1024.jpg\" alt=\"\" width=\"483\" height=\"1024\" srcset=\"https:\/\/cocinaenlinea.es\/wp-content\/uploads\/2022\/09\/IMG_20240112_032855-483x1024.jpg 483w, https:\/\/cocinaenlinea.es\/wp-content\/uploads\/2022\/09\/IMG_20240112_032855-142x300.jpg 142w, https:\/\/cocinaenlinea.es\/wp-content\/uploads\/2022\/09\/IMG_20240112_032855-768x1627.jpg 768w, https:\/\/cocinaenlinea.es\/wp-content\/uploads\/2022\/09\/IMG_20240112_032855-725x1536.jpg 725w, https:\/\/cocinaenlinea.es\/wp-content\/uploads\/2022\/09\/IMG_20240112_032855-967x2048.jpg 967w, https:\/\/cocinaenlinea.es\/wp-content\/uploads\/2022\/09\/IMG_20240112_032855-1024x2169.jpg 1024w, https:\/\/cocinaenlinea.es\/wp-content\/uploads\/2022\/09\/IMG_20240112_032855-300x636.jpg 300w, https:\/\/cocinaenlinea.es\/wp-content\/uploads\/2022\/09\/IMG_20240112_032855-600x1271.jpg 600w, https:\/\/cocinaenlinea.es\/wp-content\/uploads\/2022\/09\/IMG_20240112_032855.jpg 1080w\" sizes=\"(max-width: 483px) 100vw, 483px\" \/><\/p><\/blockquote>\n","protected":false},"excerpt":{"rendered":"<div class=\"alzwoclg\" role=\"none\">\n<div class=\"alzwoclg cgu29s5g i15ihif8 aeinzg81 ov4vj3he\" role=\"none\" data-testid=\"message-container\">\n<div class=\"k88nbmki alzwoclg cqf1kptm adechonz siu44isn gv6qu0l5\" role=\"none\">\n<div class=\"alzwoclg mfclru0v\" role=\"none\">\n<div class=\"alzwoclg cqf1kptm gvxzyvdx om3e55n1 gldv74r8\">\n<div class=\"k88nbmki alzwoclg cqf1kptm adechonz siu44isn gvxzyvdx c7y9u1f0 lg77cbj3\" role=\"none\">\n<div class=\"om3e55n1 b0ur3jhr\">\n<div class=\"m8h3af8h l7ghb35v kjdc1dyq kmwttqpk gh25dzvf\"><span class=\"fxk3tzhb b2rh1bv3 gh55jysx m8h3af8h ewco64xe kjdc1dyq ms56khn7 bq6c9xl4 h7q9eq3y iryl7rsq\"><img loading=\"lazy\" decoding=\"async\" src=\"https:\/\/static.xx.fbcdn.net\/images\/emoji.php\/v9\/tba\/1\/32\/2b50.png\" alt=\"\u2b50\" width=\"32\" height=\"32\" \/><\/span><span class=\"fxk3tzhb b2rh1bv3 gh55jysx m8h3af8h ewco64xe kjdc1dyq ms56khn7 bq6c9xl4 h7q9eq3y iryl7rsq\"><img loading=\"lazy\" decoding=\"async\" src=\"https:\/\/static.xx.fbcdn.net\/images\/emoji.php\/v9\/tba\/1\/32\/2b50.png\" alt=\"\u2b50\" width=\"32\" height=\"32\" \/><\/span><span class=\"fxk3tzhb b2rh1bv3 gh55jysx m8h3af8h ewco64xe kjdc1dyq ms56khn7 bq6c9xl4 h7q9eq3y iryl7rsq\"><img loading=\"lazy\" decoding=\"async\" src=\"https:\/\/static.xx.fbcdn.net\/images\/emoji.php\/v9\/tba\/1\/32\/2b50.png\" alt=\"\u2b50\" width=\"32\" height=\"32\" \/><\/span><span class=\"fxk3tzhb b2rh1bv3 gh55jysx m8h3af8h ewco64xe kjdc1dyq ms56khn7 bq6c9xl4 h7q9eq3y iryl7rsq\"><img loading=\"lazy\" decoding=\"async\" src=\"https:\/\/static.xx.fbcdn.net\/images\/emoji.php\/v9\/tba\/1\/32\/2b50.png\" alt=\"\u2b50\" width=\"32\" height=\"32\" \/><\/span><span class=\"fxk3tzhb b2rh1bv3 gh55jysx m8h3af8h ewco64xe kjdc1dyq ms56khn7 bq6c9xl4 h7q9eq3y iryl7rsq\"><img loading=\"lazy\" decoding=\"async\" src=\"https:\/\/static.xx.fbcdn.net\/images\/emoji.php\/v9\/tba\/1\/32\/2b50.png\" alt=\"\u2b50\" width=\"32\" height=\"32\" \/><\/span><\/div>\n<\/div>\n<\/div>\n<\/div>\n<\/div>\n<div class=\"k88nbmki alzwoclg cqf1kptm adechonz siu44isn gvxzyvdx c7y9u1f0 lg77cbj3\" role=\"none\"><\/div>\n<\/div>\n<div class=\"k88nbmki alzwoclg cqf1kptm adechonz siu44isn gvxzyvdx c7y9u1f0 lg77cbj3\" role=\"none\">\n<div class=\"jez8cy9q alzwoclg cqf1kptm homhzfsx jcxyg2ei cgu29s5g om3e55n1 afopkvs9 p4n9ro91\" aria-hidden=\"true\">\n<div class=\"i85zmo3j homhzfsx alzwoclg ov4vj3he\" role=\"none\">\n<div class=\"i85zmo3j homhzfsx alzwoclg ov4vj3he\" role=\"none\">\n<div>\n<div class=\"qi72231t o9w3sbdw nu7423ey tav9wjvu flwp5yud tghlliq5 gkg15gwv s9ok87oh s9ljgwtm lxqftegz bf1zulr9 frfouenu bonavkto djs4p424 r7bn319e bdao358l fsf7x5fv tgm57n0e jez8cy9q s5oniofx m8h3af8h l7ghb35v kjdc1dyq kmwttqpk dnr7xe2t aeinzg81 srn514ro oxkhqvkx rl78xhln nch0832m om3e55n1 cr00lzj9 rn8ck1ys s3jn8y49 g4tp4svg o9erhkwx dzqi5evh hupbnkgi hvb2xoa8 jl2a5g8c f14ij5to l3ldwz01 alzwoclg icdlwmnq\" tabindex=\"0\" role=\"button\" aria-expanded=\"false\" aria-haspopup=\"menu\" aria-label=\"Reaccionar\">\n<div class=\"kmwttqpk l7ghb35v mx6bq00g mwtcrujb alzwoclg qmqpeqxj e7u6y3za qwcclf47 nmlomj2f jez8cy9q jtronmds i85zmo3j jcxyg2ei hsphh064 fsf7x5fv qudkkb1i om3e55n1\">\n<div class=\"epnzikpj kmdng2my fupido9q l7ofbhzv beiy8v6c\"><\/div>\n<\/div>\n<\/div>\n<\/div>\n<div>\n<div class=\"kmwttqpk l7ghb35v mx6bq00g mwtcrujb alzwoclg qmqpeqxj e7u6y3za qwcclf47 nmlomj2f jez8cy9q jtronmds i85zmo3j jcxyg2ei hsphh064 fsf7x5fv qudkkb1i om3e55n1\">\n<div class=\"qi72231t o9w3sbdw nu7423ey tav9wjvu flwp5yud tghlliq5 gkg15gwv s9ok87oh s9ljgwtm lxqftegz bf1zulr9 frfouenu bonavkto djs4p424 r7bn319e bdao358l fsf7x5fv tgm57n0e jez8cy9q s5oniofx m8h3af8h l7ghb35v kjdc1dyq kmwttqpk dnr7xe2t aeinzg81 srn514ro oxkhqvkx rl78xhln nch0832m om3e55n1 cr00lzj9 rn8ck1ys s3jn8y49 g4tp4svg o9erhkwx dzqi5evh hupbnkgi hvb2xoa8 jl2a5g8c f14ij5to l3ldwz01 alzwoclg icdlwmnq\" tabindex=\"0\" role=\"button\" aria-label=\"Responder\">\n<div class=\"epnzikpj kmdng2my fupido9q l7ofbhzv beiy8v6c\"><\/div>\n<\/div>\n<\/div>\n<\/div>\n<div>\n<div class=\"qi72231t o9w3sbdw nu7423ey tav9wjvu flwp5yud tghlliq5 gkg15gwv s9ok87oh s9ljgwtm lxqftegz bf1zulr9 frfouenu bonavkto djs4p424 r7bn319e bdao358l fsf7x5fv tgm57n0e jez8cy9q s5oniofx m8h3af8h l7ghb35v kjdc1dyq kmwttqpk dnr7xe2t aeinzg81 srn514ro oxkhqvkx rl78xhln nch0832m om3e55n1 cr00lzj9 rn8ck1ys s3jn8y49 g4tp4svg o9erhkwx dzqi5evh hupbnkgi hvb2xoa8 jl2a5g8c f14ij5to l3ldwz01 alzwoclg icdlwmnq\" tabindex=\"0\" role=\"button\" aria-expanded=\"false\" aria-haspopup=\"menu\" aria-label=\"M\u00e1s\">\n<div class=\"kmwttqpk l7ghb35v mx6bq00g mwtcrujb alzwoclg qmqpeqxj e7u6y3za qwcclf47 nmlomj2f jez8cy9q jtronmds i85zmo3j jcxyg2ei hsphh064 fsf7x5fv qudkkb1i om3e55n1\">\n<div class=\"epnzikpj kmdng2my fupido9q l7ofbhzv beiy8v6c\"><\/div>\n<\/div>\n<\/div>\n<\/div>\n<\/div>\n<\/div>\n<\/div>\n<\/div>\n<div class=\"k88nbmki alzwoclg cqf1kptm adechonz siu44isn gvxzyvdx cgu29s5g lg77cbj3\" role=\"none\">\n<div class=\"cgu29s5g jg3vgc78\" role=\"none\"><\/div>\n<\/div>\n<\/div>\n<div class=\"k88nbmki alzwoclg cqf1kptm adechonz siu44isn gvxzyvdx c7y9u1f0 lg77cbj3\" role=\"none\">\n<div id=\"\" class=\"alzwoclg gldv74r8 lq84ybu9 hf30pyar kgzac55p\" role=\"none\" data-testid=\"messenger_delivery_status\">\n<div><\/div>\n<\/div>\n<\/div>\n<\/div>\n","protected":false},"featured_media":2190,"template":"","meta":{"_kadence_starter_templates_imported_post":false},"product_brand":[],"product_cat":[16],"product_tag":[19],"class_list":{"0":"post-150","1":"product","2":"type-product","3":"status-publish","4":"has-post-thumbnail","6":"product_cat-articulos-de-cocina","7":"product_tag-swiss-line","9":"first","10":"outofstock","11":"sale","12":"shipping-taxable","13":"purchasable","14":"product-type-simple"},"_links":{"self":[{"href":"https:\/\/cocinaenlinea.es\/index.php?rest_route=\/wp\/v2\/product\/150","targetHints":{"allow":["GET"]}}],"collection":[{"href":"https:\/\/cocinaenlinea.es\/index.php?rest_route=\/wp\/v2\/product"}],"about":[{"href":"https:\/\/cocinaenlinea.es\/index.php?rest_route=\/wp\/v2\/types\/product"}],"wp:featuredmedia":[{"embeddable":true,"href":"https:\/\/cocinaenlinea.es\/index.php?rest_route=\/wp\/v2\/media\/2190"}],"wp:attachment":[{"href":"https:\/\/cocinaenlinea.es\/index.php?rest_route=%2Fwp%2Fv2%2Fmedia&parent=150"}],"wp:term":[{"taxonomy":"product_brand","embeddable":true,"href":"https:\/\/cocinaenlinea.es\/index.php?rest_route=%2Fwp%2Fv2%2Fproduct_brand&post=150"},{"taxonomy":"product_cat","embeddable":true,"href":"https:\/\/cocinaenlinea.es\/index.php?rest_route=%2Fwp%2Fv2%2Fproduct_cat&post=150"},{"taxonomy":"product_tag","embeddable":true,"href":"https:\/\/cocinaenlinea.es\/index.php?rest_route=%2Fwp%2Fv2%2Fproduct_tag&post=150"}],"curies":[{"name":"wp","href":"https:\/\/api.w.org\/{rel}","templated":true}]}}