{"id":1062,"date":"2022-10-15T17:14:23","date_gmt":"2022-10-15T15:14:23","guid":{"rendered":"https:\/\/cocinaenlinea.es\/?post_type=product&#038;p=1062"},"modified":"2025-03-13T23:22:43","modified_gmt":"2025-03-13T22:22:43","slug":"alfombra-chanel","status":"publish","type":"product","link":"https:\/\/cocinaenlinea.es\/?product=alfombra-chanel","title":{"rendered":"Alfombra moderna de polipropileno y yute para sal\u00f3n y dormitorio Nuevo Modelo 2024"},"content":{"rendered":"<blockquote><p><strong>Buscas una alfombra que aporte estilo y confort a tu hogar?<\/strong><\/p><\/blockquote>\n<p>&nbsp;<\/p>\n<p><img fetchpriority=\"high\" decoding=\"async\" class=\"alignnone wp-image-4546\" src=\"https:\/\/cocinaenlinea.es\/wp-content\/uploads\/2022\/10\/412602293_825961932617700_4846901646408116987_n-300x228.jpg\" alt=\"\" width=\"1080\" height=\"822\" srcset=\"https:\/\/cocinaenlinea.es\/wp-content\/uploads\/2022\/10\/412602293_825961932617700_4846901646408116987_n-300x228.jpg 300w, https:\/\/cocinaenlinea.es\/wp-content\/uploads\/2022\/10\/412602293_825961932617700_4846901646408116987_n-600x457.jpg 600w, https:\/\/cocinaenlinea.es\/wp-content\/uploads\/2022\/10\/412602293_825961932617700_4846901646408116987_n.jpg 653w\" sizes=\"(max-width: 1080px) 100vw, 1080px\" \/><\/p>\n<p>&nbsp;<\/p>\n<p><strong>Te presentamos la alfombra moderna de polipropileno y yute, un modelo nuevo en Espa\u00f1a 2024 que te sorprender\u00e1 por su calidad y dise\u00f1o<\/strong><\/p>\n<p>&nbsp;<\/p>\n<p><img decoding=\"async\" class=\"alignnone wp-image-4547 size-full\" src=\"https:\/\/cocinaenlinea.es\/wp-content\/uploads\/2022\/10\/412623929_3726892840927672_6846279876667209286_n.jpg\" alt=\"\" width=\"1077\" height=\"1284\" srcset=\"https:\/\/cocinaenlinea.es\/wp-content\/uploads\/2022\/10\/412623929_3726892840927672_6846279876667209286_n.jpg 1077w, https:\/\/cocinaenlinea.es\/wp-content\/uploads\/2022\/10\/412623929_3726892840927672_6846279876667209286_n-252x300.jpg 252w, https:\/\/cocinaenlinea.es\/wp-content\/uploads\/2022\/10\/412623929_3726892840927672_6846279876667209286_n-859x1024.jpg 859w, https:\/\/cocinaenlinea.es\/wp-content\/uploads\/2022\/10\/412623929_3726892840927672_6846279876667209286_n-768x916.jpg 768w, https:\/\/cocinaenlinea.es\/wp-content\/uploads\/2022\/10\/412623929_3726892840927672_6846279876667209286_n-1024x1221.jpg 1024w, https:\/\/cocinaenlinea.es\/wp-content\/uploads\/2022\/10\/412623929_3726892840927672_6846279876667209286_n-300x358.jpg 300w, https:\/\/cocinaenlinea.es\/wp-content\/uploads\/2022\/10\/412623929_3726892840927672_6846279876667209286_n-600x715.jpg 600w\" sizes=\"(max-width: 1077px) 100vw, 1077px\" \/><\/p>\n<p><strong>Esta alfombra est\u00e1 fabricada con un sistema de incorporado a doble cara, lo que le confiere una mayor resistencia y durabilidad. Su composici\u00f3n principal es de 100% polipropileno heat-set fris\u00e8, un material suave y f\u00e1cil de limpiar, y yute en el reverso<\/strong><\/p>\n<p>&nbsp;<\/p>\n<p><img decoding=\"async\" class=\"alignnone wp-image-4548 size-full\" src=\"https:\/\/cocinaenlinea.es\/wp-content\/uploads\/2022\/10\/412860217_1321912945149650_936667226659547006_n.jpg\" alt=\"\" width=\"1077\" height=\"1006\" srcset=\"https:\/\/cocinaenlinea.es\/wp-content\/uploads\/2022\/10\/412860217_1321912945149650_936667226659547006_n.jpg 1077w, https:\/\/cocinaenlinea.es\/wp-content\/uploads\/2022\/10\/412860217_1321912945149650_936667226659547006_n-300x280.jpg 300w, https:\/\/cocinaenlinea.es\/wp-content\/uploads\/2022\/10\/412860217_1321912945149650_936667226659547006_n-1024x956.jpg 1024w, https:\/\/cocinaenlinea.es\/wp-content\/uploads\/2022\/10\/412860217_1321912945149650_936667226659547006_n-768x717.jpg 768w, https:\/\/cocinaenlinea.es\/wp-content\/uploads\/2022\/10\/412860217_1321912945149650_936667226659547006_n-600x560.jpg 600w\" sizes=\"(max-width: 1077px) 100vw, 1077px\" \/><\/p>\n<p>&nbsp;<\/p>\n<p>&nbsp;<\/p>\n<p><strong>un material natural y ecol\u00f3gico. La alfombra tiene una densidad de 200.000 puntos\/m2 y una longitud de pelo de 9 mm, lo que le da una textura agradable y mullida. Su color y estampado se adaptan a los estilos de alfombras modernas<\/strong><\/p>\n<p>&nbsp;<\/p>\n<p><strong> <img loading=\"lazy\" decoding=\"async\" class=\"alignnone wp-image-2131 size-full\" src=\"https:\/\/cocinaenlinea.es\/wp-content\/uploads\/2022\/10\/received_325536433672826.jpeg\" alt=\"\" width=\"1500\" height=\"1125\" srcset=\"https:\/\/cocinaenlinea.es\/wp-content\/uploads\/2022\/10\/received_325536433672826.jpeg 1500w, https:\/\/cocinaenlinea.es\/wp-content\/uploads\/2022\/10\/received_325536433672826-300x225.jpeg 300w, https:\/\/cocinaenlinea.es\/wp-content\/uploads\/2022\/10\/received_325536433672826-1024x768.jpeg 1024w, https:\/\/cocinaenlinea.es\/wp-content\/uploads\/2022\/10\/received_325536433672826-768x576.jpeg 768w, https:\/\/cocinaenlinea.es\/wp-content\/uploads\/2022\/10\/received_325536433672826-600x450.jpeg 600w\" sizes=\"(max-width: 1500px) 100vw, 1500px\" \/><\/strong><\/p>\n<p>&nbsp;<\/p>\n<p><strong>creando un ambiente acogedor y elegante en tu sal\u00f3n o dormitorio. Las medidas disponibles es de <\/strong><\/p>\n<h3><strong>250\u00d7180 cm<\/strong><\/h3>\n<h3>250\u00d7330 cm<\/h3>\n<h3>250\u00d7430 cm<\/h3>\n<h3><img loading=\"lazy\" decoding=\"async\" class=\"alignnone wp-image-4549\" src=\"https:\/\/cocinaenlinea.es\/wp-content\/uploads\/2022\/10\/412762341_1034513614425848_6888211623013798986_n-300x217.jpg\" alt=\"\" width=\"1080\" height=\"780\" srcset=\"https:\/\/cocinaenlinea.es\/wp-content\/uploads\/2022\/10\/412762341_1034513614425848_6888211623013798986_n-300x217.jpg 300w, https:\/\/cocinaenlinea.es\/wp-content\/uploads\/2022\/10\/412762341_1034513614425848_6888211623013798986_n-600x433.jpg 600w, https:\/\/cocinaenlinea.es\/wp-content\/uploads\/2022\/10\/412762341_1034513614425848_6888211623013798986_n.jpg 637w\" sizes=\"(max-width: 1080px) 100vw, 1080px\" \/><\/h3>\n<p>&nbsp;<\/p>\n<p>&nbsp;<\/p>\n<p><strong>ideal para cubrir un amplio espacio. Adem\u00e1s, si compras esta alfombra ahora, te beneficiar\u00e1s de un env\u00edo gratis y r\u00e1pido <\/strong><\/p>\n<p><strong><img loading=\"lazy\" decoding=\"async\" class=\"aligncenter wp-image-1988\" src=\"https:\/\/cocinaenlinea.es\/wp-content\/uploads\/2023\/12\/images-9-1.jpeg\" alt=\"\" width=\"1080\" height=\"953\" \/><\/strong><\/p>\n<p><strong>con la empresa de transporte TIPSA.<\/strong><\/p>\n<p>&nbsp;<\/p>\n<p><strong><img loading=\"lazy\" decoding=\"async\" class=\"aligncenter wp-image-1984\" src=\"https:\/\/cocinaenlinea.es\/wp-content\/uploads\/2023\/12\/1631375030961-1.jpeg\" alt=\"\" width=\"1080\" height=\"1080\" srcset=\"https:\/\/cocinaenlinea.es\/wp-content\/uploads\/2023\/12\/1631375030961-1.jpeg 200w, https:\/\/cocinaenlinea.es\/wp-content\/uploads\/2023\/12\/1631375030961-1-150x150.jpeg 150w, https:\/\/cocinaenlinea.es\/wp-content\/uploads\/2023\/12\/1631375030961-1-100x100.jpeg 100w, https:\/\/cocinaenlinea.es\/wp-content\/uploads\/2023\/12\/1631375030961-1-50x50.jpeg 50w\" sizes=\"(max-width: 1080px) 100vw, 1080px\" \/><\/strong><\/p>\n<p><strong>No dejes pasar esta oportunidad y hazte con la alfombra moderna de polipropileno y yute, la mejor opci\u00f3n para tu hogar<\/strong><\/p>\n<p><strong>Paga contra reembolso<\/strong><\/p>\n<p><img loading=\"lazy\" decoding=\"async\" class=\"alignnone wp-image-1996\" src=\"https:\/\/cocinaenlinea.es\/wp-content\/uploads\/2023\/12\/images-11.jpeg\" alt=\"\" width=\"1080\" height=\"719\" \/><\/p>\n","protected":false},"excerpt":{"rendered":"<p><span class=\"x3nfvp2 x1j61x8r x1fcty0u xdj266r xhhsvwb xat24cr xgzva0m xxymvpz x10w6t97 x1td3qas\"><img loading=\"lazy\" decoding=\"async\" src=\"https:\/\/static.xx.fbcdn.net\/images\/emoji.php\/v9\/tba\/1\/32\/2b50.png\" alt=\"\u2b50\" width=\"32\" height=\"32\" \/><\/span><span class=\"x3nfvp2 x1j61x8r x1fcty0u xdj266r xhhsvwb xat24cr xgzva0m xxymvpz x10w6t97 x1td3qas\"><img loading=\"lazy\" decoding=\"async\" src=\"https:\/\/static.xx.fbcdn.net\/images\/emoji.php\/v9\/tba\/1\/32\/2b50.png\" alt=\"\u2b50\" width=\"32\" height=\"32\" \/><\/span><span class=\"x3nfvp2 x1j61x8r x1fcty0u xdj266r xhhsvwb xat24cr xgzva0m xxymvpz x10w6t97 x1td3qas\"><img loading=\"lazy\" decoding=\"async\" src=\"https:\/\/static.xx.fbcdn.net\/images\/emoji.php\/v9\/tba\/1\/32\/2b50.png\" alt=\"\u2b50\" width=\"32\" height=\"32\" \/><\/span><span class=\"x3nfvp2 x1j61x8r x1fcty0u xdj266r xhhsvwb xat24cr xgzva0m xxymvpz x10w6t97 x1td3qas\"><img loading=\"lazy\" decoding=\"async\" src=\"https:\/\/static.xx.fbcdn.net\/images\/emoji.php\/v9\/tba\/1\/32\/2b50.png\" alt=\"\u2b50\" width=\"32\" height=\"32\" \/><\/span><span class=\"x3nfvp2 x1j61x8r x1fcty0u xdj266r xhhsvwb xat24cr xgzva0m xxymvpz x10w6t97 x1td3qas\"><img loading=\"lazy\" decoding=\"async\" src=\"https:\/\/static.xx.fbcdn.net\/images\/emoji.php\/v9\/tba\/1\/32\/2b50.png\" alt=\"\u2b50\" width=\"32\" height=\"32\" \/><\/span><\/p>\n","protected":false},"featured_media":1063,"template":"","meta":{"_kadence_starter_templates_imported_post":false},"product_brand":[],"product_cat":[15],"product_tag":[],"class_list":{"0":"post-1062","1":"product","2":"type-product","3":"status-publish","4":"has-post-thumbnail","6":"product_cat-ropa-de-cama","8":"first","9":"outofstock","10":"sale","11":"shipping-taxable","12":"purchasable","13":"product-type-variable"},"_links":{"self":[{"href":"https:\/\/cocinaenlinea.es\/index.php?rest_route=\/wp\/v2\/product\/1062","targetHints":{"allow":["GET"]}}],"collection":[{"href":"https:\/\/cocinaenlinea.es\/index.php?rest_route=\/wp\/v2\/product"}],"about":[{"href":"https:\/\/cocinaenlinea.es\/index.php?rest_route=\/wp\/v2\/types\/product"}],"wp:featuredmedia":[{"embeddable":true,"href":"https:\/\/cocinaenlinea.es\/index.php?rest_route=\/wp\/v2\/media\/1063"}],"wp:attachment":[{"href":"https:\/\/cocinaenlinea.es\/index.php?rest_route=%2Fwp%2Fv2%2Fmedia&parent=1062"}],"wp:term":[{"taxonomy":"product_brand","embeddable":true,"href":"https:\/\/cocinaenlinea.es\/index.php?rest_route=%2Fwp%2Fv2%2Fproduct_brand&post=1062"},{"taxonomy":"product_cat","embeddable":true,"href":"https:\/\/cocinaenlinea.es\/index.php?rest_route=%2Fwp%2Fv2%2Fproduct_cat&post=1062"},{"taxonomy":"product_tag","embeddable":true,"href":"https:\/\/cocinaenlinea.es\/index.php?rest_route=%2Fwp%2Fv2%2Fproduct_tag&post=1062"}],"curies":[{"name":"wp","href":"https:\/\/api.w.org\/{rel}","templated":true}]}}

Alfombra moderna de polipropileno y yute para salón y dormitorio Nuevo Modelo 2024

<blockquote><p><strong>Buscas una alfombra que aporte estilo y confort a tu hogar?</strong></p></blockquote>
<p>&nbsp;</p>
<p><img fetchpriority="high" decoding="async" class="alignnone wp-image-4546" src="https://cocinaenlinea.es/wp-content/uploads/2022/10/412602293_825961932617700_4846901646408116987_n-300x228.jpg" alt="" width="1080" height="822" srcset="https://cocinaenlinea.es/wp-content/uploads/2022/10/412602293_825961932617700_4846901646408116987_n-300x228.jpg 300w, https://cocinaenlinea.es/wp-content/uploads/2022/10/412602293_825961932617700_4846901646408116987_n-600x457.jpg 600w, https://cocinaenlinea.es/wp-content/uploads/2022/10/412602293_825961932617700_4846901646408116987_n.jpg 653w" sizes="(max-width: 1080px) 100vw, 1080px" /></p>
<p>&nbsp;</p>
<p><strong>Te presentamos la alfombra moderna de polipropileno y yute, un modelo nuevo en España 2024 que te sorprenderá por su calidad y diseño</strong></p>
<p>&nbsp;</p>
<p><img decoding="async" class="alignnone wp-image-4547 size-full" src="https://cocinaenlinea.es/wp-content/uploads/2022/10/412623929_3726892840927672_6846279876667209286_n.jpg" alt="" width="1077" height="1284" srcset="https://cocinaenlinea.es/wp-content/uploads/2022/10/412623929_3726892840927672_6846279876667209286_n.jpg 1077w, https://cocinaenlinea.es/wp-content/uploads/2022/10/412623929_3726892840927672_6846279876667209286_n-252x300.jpg 252w, https://cocinaenlinea.es/wp-content/uploads/2022/10/412623929_3726892840927672_6846279876667209286_n-859x1024.jpg 859w, https://cocinaenlinea.es/wp-content/uploads/2022/10/412623929_3726892840927672_6846279876667209286_n-768x916.jpg 768w, https://cocinaenlinea.es/wp-content/uploads/2022/10/412623929_3726892840927672_6846279876667209286_n-1024x1221.jpg 1024w, https://cocinaenlinea.es/wp-content/uploads/2022/10/412623929_3726892840927672_6846279876667209286_n-300x358.jpg 300w, https://cocinaenlinea.es/wp-content/uploads/2022/10/412623929_3726892840927672_6846279876667209286_n-600x715.jpg 600w" sizes="(max-width: 1077px) 100vw, 1077px" /></p>
<p><strong>Esta alfombra está fabricada con un sistema de incorporado a doble cara, lo que le confiere una mayor resistencia y durabilidad. Su composición principal es de 100% polipropileno heat-set frisè, un material suave y fácil de limpiar, y yute en el reverso</strong></p>
<p>&nbsp;</p>
<p><img decoding="async" class="alignnone wp-image-4548 size-full" src="https://cocinaenlinea.es/wp-content/uploads/2022/10/412860217_1321912945149650_936667226659547006_n.jpg" alt="" width="1077" height="1006" srcset="https://cocinaenlinea.es/wp-content/uploads/2022/10/412860217_1321912945149650_936667226659547006_n.jpg 1077w, https://cocinaenlinea.es/wp-content/uploads/2022/10/412860217_1321912945149650_936667226659547006_n-300x280.jpg 300w, https://cocinaenlinea.es/wp-content/uploads/2022/10/412860217_1321912945149650_936667226659547006_n-1024x956.jpg 1024w, https://cocinaenlinea.es/wp-content/uploads/2022/10/412860217_1321912945149650_936667226659547006_n-768x717.jpg 768w, https://cocinaenlinea.es/wp-content/uploads/2022/10/412860217_1321912945149650_936667226659547006_n-600x560.jpg 600w" sizes="(max-width: 1077px) 100vw, 1077px" /></p>
<p>&nbsp;</p>
<p>&nbsp;</p>
<p><strong>un material natural y ecológico. La alfombra tiene una densidad de 200.000 puntos/m2 y una longitud de pelo de 9 mm, lo que le da una textura agradable y mullida. Su color y estampado se adaptan a los estilos de alfombras modernas</strong></p>
<p>&nbsp;</p>
<p><strong> <img loading="lazy" decoding="async" class="alignnone wp-image-2131 size-full" src="https://cocinaenlinea.es/wp-content/uploads/2022/10/received_325536433672826.jpeg" alt="" width="1500" height="1125" srcset="https://cocinaenlinea.es/wp-content/uploads/2022/10/received_325536433672826.jpeg 1500w, https://cocinaenlinea.es/wp-content/uploads/2022/10/received_325536433672826-300x225.jpeg 300w, https://cocinaenlinea.es/wp-content/uploads/2022/10/received_325536433672826-1024x768.jpeg 1024w, https://cocinaenlinea.es/wp-content/uploads/2022/10/received_325536433672826-768x576.jpeg 768w, https://cocinaenlinea.es/wp-content/uploads/2022/10/received_325536433672826-600x450.jpeg 600w" sizes="(max-width: 1500px) 100vw, 1500px" /></strong></p>
<p>&nbsp;</p>
<p><strong>creando un ambiente acogedor y elegante en tu salón o dormitorio. Las medidas disponibles es de </strong></p>
<h3><strong>250×180 cm</strong></h3>
<h3>250×330 cm</h3>
<h3>250×430 cm</h3>
<h3><img loading="lazy" decoding="async" class="alignnone wp-image-4549" src="https://cocinaenlinea.es/wp-content/uploads/2022/10/412762341_1034513614425848_6888211623013798986_n-300x217.jpg" alt="" width="1080" height="780" srcset="https://cocinaenlinea.es/wp-content/uploads/2022/10/412762341_1034513614425848_6888211623013798986_n-300x217.jpg 300w, https://cocinaenlinea.es/wp-content/uploads/2022/10/412762341_1034513614425848_6888211623013798986_n-600x433.jpg 600w, https://cocinaenlinea.es/wp-content/uploads/2022/10/412762341_1034513614425848_6888211623013798986_n.jpg 637w" sizes="(max-width: 1080px) 100vw, 1080px" /></h3>
<p>&nbsp;</p>
<p>&nbsp;</p>
<p><strong>ideal para cubrir un amplio espacio. Además, si compras esta alfombra ahora, te beneficiarás de un envío gratis y rápido </strong></p>
<p><strong><img loading="lazy" decoding="async" class="aligncenter wp-image-1988" src="https://cocinaenlinea.es/wp-content/uploads/2023/12/images-9-1.jpeg" alt="" width="1080" height="953" /></strong></p>
<p><strong>con la empresa de transporte TIPSA.</strong></p>
<p>&nbsp;</p>
<p><strong><img loading="lazy" decoding="async" class="aligncenter wp-image-1984" src="https://cocinaenlinea.es/wp-content/uploads/2023/12/1631375030961-1.jpeg" alt="" width="1080" height="1080" srcset="https://cocinaenlinea.es/wp-content/uploads/2023/12/1631375030961-1.jpeg 200w, https://cocinaenlinea.es/wp-content/uploads/2023/12/1631375030961-1-150x150.jpeg 150w, https://cocinaenlinea.es/wp-content/uploads/2023/12/1631375030961-1-100x100.jpeg 100w, https://cocinaenlinea.es/wp-content/uploads/2023/12/1631375030961-1-50x50.jpeg 50w" sizes="(max-width: 1080px) 100vw, 1080px" /></strong></p>
<p><strong>No dejes pasar esta oportunidad y hazte con la alfombra moderna de polipropileno y yute, la mejor opción para tu hogar</strong></p>
<p><strong>Paga contra reembolso</strong></p>
<p><img loading="lazy" decoding="async" class="alignnone wp-image-1996" src="https://cocinaenlinea.es/wp-content/uploads/2023/12/images-11.jpeg" alt="" width="1080" height="719" /></p>
