{"id":1012,"date":"2022-10-14T23:55:22","date_gmt":"2022-10-14T21:55:22","guid":{"rendered":"https:\/\/cocinaenlinea.es\/?post_type=product&#038;p=1012"},"modified":"2025-03-13T23:22:43","modified_gmt":"2025-03-13T22:22:43","slug":"cazuela-y-couscoussier-hascevher-8-l-10-l","status":"publish","type":"product","link":"https:\/\/cocinaenlinea.es\/?product=cazuela-y-couscoussier-hascevher-8-l-10-l","title":{"rendered":"Cazuela Y Couscoussier Hascevher 8 L \/ 10 L"},"content":{"rendered":"<p>Cazuela Y Couscoussier Hascevher tiene como objetivo hacer la vida m\u00e1s f\u00e1cil a sus clientes mediante la creaci\u00f3n de estrellas. Olla a presi\u00f3n Matic, equipada con un sistema de apertura y cierre con una sola mano; el sistema de cierre seguro desactivar\u00e1 la apertura de la tapa si la olla todav\u00eda est\u00e1 bajo presi\u00f3n. El Star Matic ofrece dispositivos de seguridad para medidas de seguridad excepcionales &#8211; Cierre seguro, apertura &#8211; Control de presi\u00f3n &#8211; V\u00e1lvula de seguridad. La c\u00e1psula de la placa de inducci\u00f3n b\u00e1sica tiene una distribuci\u00f3n de calor \u00f3ptima para platos cocinados uniformemente. Las asas plegables que se encuentran en la olla permiten un f\u00e1cil uso y almacenamiento en peque\u00f1os espacios de armario. Compatible con todas las cocinas, incluida la inducci\u00f3n. Va en el lavavajillas. Especificaci\u00f3n: acero inoxidable 18\/10 Capacidad 10\/8 litros Calidad superior para una vida m\u00e1s larga F\u00e1cil de manejar. Almacenamiento simple e intuitivo Sistema de apertura f\u00e1cil y sencillo. Tipo de producto: cazuela y couscoussier. acero inoxidable 18\/10 Calidad superior para una vida m\u00e1s larga F\u00e1cil de manejar. Almacenamiento simple e intuitivo Sistema de apertura f\u00e1cil y sencillo<\/p>\n<h3><img fetchpriority=\"high\" decoding=\"async\" class=\"alignnone wp-image-9968 aligncenter\" src=\"http:\/\/altacalidadweb.com\/wp-content\/uploads\/2022\/05\/garnatia--300x168.jpg\" alt=\"\" width=\"480\" height=\"269\" \/><\/h3>\n","protected":false},"excerpt":{"rendered":"<p><span class=\"x3nfvp2 x1j61x8r x1fcty0u xdj266r xhhsvwb xat24cr xgzva0m xxymvpz x10w6t97 x1td3qas\"><img decoding=\"async\" src=\"https:\/\/static.xx.fbcdn.net\/images\/emoji.php\/v9\/tba\/1\/32\/2b50.png\" alt=\"\u2b50\" width=\"32\" height=\"32\" \/><\/span><span class=\"x3nfvp2 x1j61x8r x1fcty0u xdj266r xhhsvwb xat24cr xgzva0m xxymvpz x10w6t97 x1td3qas\"><img decoding=\"async\" src=\"https:\/\/static.xx.fbcdn.net\/images\/emoji.php\/v9\/tba\/1\/32\/2b50.png\" alt=\"\u2b50\" width=\"32\" height=\"32\" \/><\/span><span class=\"x3nfvp2 x1j61x8r x1fcty0u xdj266r xhhsvwb xat24cr xgzva0m xxymvpz x10w6t97 x1td3qas\"><img decoding=\"async\" src=\"https:\/\/static.xx.fbcdn.net\/images\/emoji.php\/v9\/tba\/1\/32\/2b50.png\" alt=\"\u2b50\" width=\"32\" height=\"32\" \/><\/span><span class=\"x3nfvp2 x1j61x8r x1fcty0u xdj266r xhhsvwb xat24cr xgzva0m xxymvpz x10w6t97 x1td3qas\"><img decoding=\"async\" src=\"https:\/\/static.xx.fbcdn.net\/images\/emoji.php\/v9\/tba\/1\/32\/2b50.png\" alt=\"\u2b50\" width=\"32\" height=\"32\" \/><\/span><span class=\"x3nfvp2 x1j61x8r x1fcty0u xdj266r xhhsvwb xat24cr xgzva0m xxymvpz x10w6t97 x1td3qas\"><img decoding=\"async\" src=\"https:\/\/static.xx.fbcdn.net\/images\/emoji.php\/v9\/tba\/1\/32\/2b50.png\" alt=\"\u2b50\" width=\"32\" height=\"32\" \/><\/span><\/p>\n","protected":false},"featured_media":1013,"template":"","meta":{"_kadence_starter_templates_imported_post":false},"product_brand":[],"product_cat":[16],"product_tag":[],"class_list":{"0":"post-1012","1":"product","2":"type-product","3":"status-publish","4":"has-post-thumbnail","6":"product_cat-articulos-de-cocina","8":"first","9":"outofstock","10":"sale","11":"shipping-taxable","12":"purchasable","13":"product-type-variable"},"_links":{"self":[{"href":"https:\/\/cocinaenlinea.es\/index.php?rest_route=\/wp\/v2\/product\/1012","targetHints":{"allow":["GET"]}}],"collection":[{"href":"https:\/\/cocinaenlinea.es\/index.php?rest_route=\/wp\/v2\/product"}],"about":[{"href":"https:\/\/cocinaenlinea.es\/index.php?rest_route=\/wp\/v2\/types\/product"}],"wp:featuredmedia":[{"embeddable":true,"href":"https:\/\/cocinaenlinea.es\/index.php?rest_route=\/wp\/v2\/media\/1013"}],"wp:attachment":[{"href":"https:\/\/cocinaenlinea.es\/index.php?rest_route=%2Fwp%2Fv2%2Fmedia&parent=1012"}],"wp:term":[{"taxonomy":"product_brand","embeddable":true,"href":"https:\/\/cocinaenlinea.es\/index.php?rest_route=%2Fwp%2Fv2%2Fproduct_brand&post=1012"},{"taxonomy":"product_cat","embeddable":true,"href":"https:\/\/cocinaenlinea.es\/index.php?rest_route=%2Fwp%2Fv2%2Fproduct_cat&post=1012"},{"taxonomy":"product_tag","embeddable":true,"href":"https:\/\/cocinaenlinea.es\/index.php?rest_route=%2Fwp%2Fv2%2Fproduct_tag&post=1012"}],"curies":[{"name":"wp","href":"https:\/\/api.w.org\/{rel}","templated":true}]}}